Last updated on 2014-10-02 01:48:20.
Flavor | Version | Tinstall | Tcheck | Ttotal | Status | Flags |
---|---|---|---|---|---|---|
r-devel-linux-x86_64-debian-clang | 2.2-3 | 9.92 | 11.22 | 21.14 | NOTE | |
r-devel-linux-x86_64-debian-gcc | 2.2-3 | 9.88 | 11.16 | 21.04 | NOTE | |
r-devel-linux-x86_64-fedora-clang | 2.2-3 | 38.51 | NOTE | |||
r-devel-linux-x86_64-fedora-gcc | 2.2-3 | 37.96 | NOTE | |||
r-devel-osx-x86_64-clang | 2.2-3 | 48.07 | NOTE | |||
r-devel-windows-ix86+x86_64 | 2.2-3 | 64.00 | 22.00 | 86.00 | NOTE | |
r-patched-linux-x86_64 | 2.2-3 | 9.99 | 11.59 | 21.58 | NOTE | |
r-patched-solaris-sparc | 2.2-3 | 252.10 | NOTE | |||
r-patched-solaris-x86 | 2.2-3 | 61.50 | NOTE | |||
r-release-linux-ix86 | 2.2-3 | 14.99 | 18.00 | 33.00 | NOTE | |
r-release-linux-x86_64 | 2.2-3 | 9.87 | 11.21 | 21.08 | NOTE | |
r-release-osx-x86_64-mavericks | 2.2-3 | NOTE | ||||
r-release-osx-x86_64-snowleopard | 2.2-3 | NOTE | ||||
r-release-windows-ix86+x86_64 | 2.2-3 | 66.00 | 19.00 | 85.00 | NOTE | |
r-oldrel-windows-ix86+x86_64 | 2.2-3 | 68.00 | 19.00 | 87.00 | NOTE |
Version: 2.2-3
Check: installed package size
Result: NOTE
installed size is 32.7Mb
sub-directories of 1Mb or more:
mapdata 32.6Mb
Flavors: r-devel-linux-x86_64-debian-clang, r-devel-linux-x86_64-debian-gcc, r-devel-linux-x86_64-fedora-clang, r-devel-linux-x86_64-fedora-gcc, r-devel-osx-x86_64-clang, r-devel-windows-ix86+x86_64, r-patched-linux-x86_64, r-patched-solaris-sparc, r-patched-solaris-x86, r-release-linux-ix86, r-release-linux-x86_64, r-release-osx-x86_64-mavericks, r-release-osx-x86_64-snowleopard, r-release-windows-ix86+x86_64, r-oldrel-windows-ix86+x86_64