Last updated on 2014-10-02 01:48:20.
Flavor | Version | Tinstall | Tcheck | Ttotal | Status | Flags |
---|---|---|---|---|---|---|
r-devel-linux-x86_64-debian-clang | 1.5-6 | 1.11 | 24.13 | 25.24 | NOTE | |
r-devel-linux-x86_64-debian-gcc | 1.5-6 | 1.08 | 23.09 | 24.17 | NOTE | |
r-devel-linux-x86_64-fedora-clang | 1.5-6 | 51.86 | NOTE | |||
r-devel-linux-x86_64-fedora-gcc | 1.5-6 | 49.03 | NOTE | |||
r-devel-osx-x86_64-clang | 1.5-6 | 48.89 | NOTE | |||
r-devel-windows-ix86+x86_64 | 1.5-6 | 4.00 | 40.00 | 44.00 | NOTE | |
r-patched-linux-x86_64 | 1.5-6 | 1.10 | 24.16 | 25.26 | NOTE | |
r-patched-solaris-sparc | 1.5-6 | 280.30 | NOTE | |||
r-patched-solaris-x86 | 1.5-6 | 68.20 | NOTE | |||
r-release-linux-ix86 | 1.5-6 | 1.61 | 32.70 | 34.31 | NOTE | |
r-release-linux-x86_64 | 1.5-6 | 1.10 | 23.70 | 24.80 | NOTE | |
r-release-osx-x86_64-mavericks | 1.5-6 | NOTE | ||||
r-release-osx-x86_64-snowleopard | 1.5-6 | OK | ||||
r-release-windows-ix86+x86_64 | 1.5-6 | 5.00 | 44.00 | 49.00 | NOTE | |
r-oldrel-windows-ix86+x86_64 | 1.5-6 | 3.00 | 44.00 | 47.00 | NOTE |
Version: 1.5-6
Check: dependencies in R code
Result: NOTE
Package in Depends field not imported from: ‘abind’
These packages need to be imported from (in the NAMESPACE file)
for when this namespace is loaded but not attached.
See the information on DESCRIPTION files in the chapter ‘Creating R
packages’ of the ‘Writing R Extensions’ manual.
Flavors: r-devel-linux-x86_64-debian-clang, r-devel-linux-x86_64-debian-gcc, r-devel-linux-x86_64-fedora-clang, r-devel-linux-x86_64-fedora-gcc, r-devel-osx-x86_64-clang, r-devel-windows-ix86+x86_64, r-patched-linux-x86_64, r-patched-solaris-sparc, r-patched-solaris-x86, r-release-linux-ix86, r-release-linux-x86_64, r-release-osx-x86_64-mavericks, r-release-windows-ix86+x86_64, r-oldrel-windows-ix86+x86_64