Last updated on 2014-10-02 01:48:19.
Flavor | Version | Tinstall | Tcheck | Ttotal | Status | Flags |
---|---|---|---|---|---|---|
r-devel-linux-x86_64-debian-clang | 0.1 | 3.72 | 45.41 | 49.13 | NOTE | |
r-devel-linux-x86_64-debian-gcc | 0.1 | 3.85 | 44.22 | 48.07 | NOTE | |
r-devel-linux-x86_64-fedora-clang | 0.1 | 119.25 | NOTE | |||
r-devel-linux-x86_64-fedora-gcc | 0.1 | 111.57 | NOTE | |||
r-devel-osx-x86_64-clang | 0.1 | 87.90 | NOTE | |||
r-devel-windows-ix86+x86_64 | 0.1 | 10.00 | 66.00 | 76.00 | NOTE | |
r-patched-linux-x86_64 | 0.1 | 3.79 | 46.44 | 50.23 | OK | |
r-patched-solaris-sparc | 0.1 | 846.50 | OK | |||
r-patched-solaris-x86 | 0.1 | 160.20 | OK | |||
r-release-linux-ix86 | 0.1 | 4.57 | 56.89 | 61.46 | OK | |
r-release-linux-x86_64 | 0.1 | 3.87 | 46.18 | 50.05 | OK | |
r-release-osx-x86_64-mavericks | 0.1 | OK | ||||
r-release-osx-x86_64-snowleopard | 0.1 | OK | ||||
r-release-windows-ix86+x86_64 | 0.1 | 10.00 | 67.00 | 77.00 | OK | |
r-oldrel-windows-ix86+x86_64 | 0.1 | 11.00 | 64.00 | 75.00 | OK |
Version: 0.1
Check: R code for possible problems
Result: NOTE
plotY: no visible global function definition for ‘network.arrow’
Flavors: r-devel-linux-x86_64-debian-clang, r-devel-linux-x86_64-debian-gcc, r-devel-linux-x86_64-fedora-clang, r-devel-linux-x86_64-fedora-gcc, r-devel-osx-x86_64-clang, r-devel-windows-ix86+x86_64