CRAN Package Check Results for Package ltsbase

Last updated on 2014-10-02 01:48:19.

Flavor Version Tinstall Tcheck Ttotal Status Flags
r-devel-linux-x86_64-debian-clang 1.0.1 0.73 12.84 13.57 NOTE
r-devel-linux-x86_64-debian-gcc 1.0.1 0.72 12.71 13.43 NOTE
r-devel-linux-x86_64-fedora-clang 1.0.1 27.81 NOTE
r-devel-linux-x86_64-fedora-gcc 1.0.1 26.43 NOTE
r-devel-osx-x86_64-clang 1.0.1 28.69 NOTE
r-devel-windows-ix86+x86_64 1.0.1 3.00 20.00 23.00 NOTE
r-patched-linux-x86_64 1.0.1 0.75 13.10 13.85 NOTE
r-patched-solaris-sparc 1.0.1 151.70 NOTE
r-patched-solaris-x86 1.0.1 41.50 NOTE
r-release-linux-ix86 1.0.1 1.10 19.83 20.93 NOTE
r-release-linux-x86_64 1.0.1 0.78 13.67 14.44 NOTE
r-release-osx-x86_64-mavericks 1.0.1 NOTE
r-release-osx-x86_64-snowleopard 1.0.1 NOTE
r-release-windows-ix86+x86_64 1.0.1 3.00 23.00 26.00 NOTE
r-oldrel-windows-ix86+x86_64 1.0.1 3.00 22.00 25.00 NOTE

Check Details

Version: 1.0.1
Check: dependencies in R code
Result: NOTE
    'library' or 'require' calls to packages already attached by Depends:
     ‘MASS’ ‘robustbase’
     Please remove these calls from your code.
    See the information on DESCRIPTION files in the chapter ‘Creating R
    packages’ of the ‘Writing R Extensions’ manual.
Flavors: r-devel-linux-x86_64-debian-clang, r-devel-linux-x86_64-debian-gcc, r-devel-linux-x86_64-fedora-clang, r-devel-linux-x86_64-fedora-gcc, r-devel-osx-x86_64-clang, r-devel-windows-ix86+x86_64, r-patched-linux-x86_64, r-patched-solaris-sparc, r-patched-solaris-x86, r-release-linux-ix86, r-release-linux-x86_64, r-release-osx-x86_64-mavericks, r-release-osx-x86_64-snowleopard, r-release-windows-ix86+x86_64, r-oldrel-windows-ix86+x86_64