Last updated on 2014-10-02 01:48:19.
Flavor | Version | Tinstall | Tcheck | Ttotal | Status | Flags |
---|---|---|---|---|---|---|
r-devel-linux-x86_64-debian-clang | 0.52 | 0.88 | 21.48 | 22.36 | NOTE | |
r-devel-linux-x86_64-debian-gcc | 0.52 | 0.86 | 20.50 | 21.36 | NOTE | |
r-devel-linux-x86_64-fedora-clang | 0.52 | 43.89 | NOTE | |||
r-devel-linux-x86_64-fedora-gcc | 0.52 | 40.32 | NOTE | |||
r-devel-osx-x86_64-clang | 0.52 | 40.51 | NOTE | |||
r-devel-windows-ix86+x86_64 | 0.52 | 3.00 | 29.00 | 32.00 | NOTE | |
r-patched-linux-x86_64 | 0.52 | 1.07 | 21.30 | 22.38 | NOTE | |
r-patched-solaris-sparc | 0.52 | 272.50 | NOTE | |||
r-patched-solaris-x86 | 0.52 | 61.60 | NOTE | |||
r-release-linux-ix86 | 0.52 | 1.23 | 28.58 | 29.81 | NOTE | |
r-release-linux-x86_64 | 0.52 | 0.92 | 21.29 | 22.21 | NOTE | |
r-release-osx-x86_64-mavericks | 0.52 | NOTE | ||||
r-release-osx-x86_64-snowleopard | 0.52 | NOTE | ||||
r-release-windows-ix86+x86_64 | 0.52 | 3.00 | 31.00 | 34.00 | NOTE | |
r-oldrel-windows-ix86+x86_64 | 0.52 | 3.00 | 34.00 | 37.00 | NOTE |
Version: 0.52
Check: R code for possible problems
Result: NOTE
lss: no visible binding for global variable ‘response’
lss.betag: no visible global function definition for ‘l1fit’
Flavors: r-devel-linux-x86_64-debian-clang, r-devel-linux-x86_64-debian-gcc, r-devel-linux-x86_64-fedora-clang, r-devel-linux-x86_64-fedora-gcc, r-devel-osx-x86_64-clang, r-devel-windows-ix86+x86_64, r-patched-linux-x86_64, r-patched-solaris-sparc, r-patched-solaris-x86, r-release-linux-ix86, r-release-linux-x86_64, r-release-osx-x86_64-mavericks, r-release-osx-x86_64-snowleopard, r-release-windows-ix86+x86_64, r-oldrel-windows-ix86+x86_64
Version: 0.52
Check: Rd line widths
Result: NOTE
Rd file 'lss.Rd':
\usage lines wider than 90 characters:
lss(formula, data, subset, trace = FALSE, mcsize = 500, maxiter = 10, tolerance = 0.001, gehanonly = FALSE, cov = FALSE, na.action = na ... [TRUNCATED]
\examples lines wider than 100 characters:
fit1<-lss(cbind(log10(time),status) ~ age + t5,data=stan,subset=!is.na(t5), mcsize=100,trace=TRUE,gehanonly=FALSE,maxiter=10,tolerance= ... [TRUNCATED]
fit2<-lss(cbind(log10(time),status) ~ age + I(age^2),data=stan,subset=!is.na(t5)&time>=100,mcsize=5,trace=TRUE, gehanonly=FALSE,cov=TRU ... [TRUNCATED]
These lines will be truncated in the PDF manual.
Flavors: r-devel-linux-x86_64-debian-clang, r-devel-linux-x86_64-debian-gcc, r-devel-linux-x86_64-fedora-clang, r-devel-linux-x86_64-fedora-gcc, r-patched-linux-x86_64, r-release-linux-x86_64