Last updated on 2014-10-02 01:48:19.
Flavor | Version | Tinstall | Tcheck | Ttotal | Status | Flags |
---|---|---|---|---|---|---|
r-devel-linux-x86_64-debian-clang | 0.73 | 1.55 | 17.69 | 19.24 | NOTE | |
r-devel-linux-x86_64-debian-gcc | 0.73 | 1.07 | 17.58 | 18.66 | NOTE | |
r-devel-linux-x86_64-fedora-clang | 0.73 | 37.52 | NOTE | |||
r-devel-linux-x86_64-fedora-gcc | 0.73 | 34.85 | NOTE | |||
r-devel-osx-x86_64-clang | 0.73 | 36.80 | NOTE | |||
r-devel-windows-ix86+x86_64 | 0.73 | 4.00 | 31.00 | 35.00 | NOTE | |
r-patched-linux-x86_64 | 0.73 | 1.11 | 17.91 | 19.02 | NOTE | |
r-patched-solaris-sparc | 0.73 | 190.60 | NOTE | |||
r-patched-solaris-x86 | 0.73 | 55.20 | NOTE | |||
r-release-linux-ix86 | 0.73 | 1.55 | 22.82 | 24.37 | NOTE | |
r-release-linux-x86_64 | 0.73 | 1.09 | 17.24 | 18.33 | NOTE | |
r-release-osx-x86_64-mavericks | 0.73 | NOTE | ||||
r-release-osx-x86_64-snowleopard | 0.73 | NOTE | ||||
r-release-windows-ix86+x86_64 | 0.73 | 4.00 | 31.00 | 35.00 | NOTE | |
r-oldrel-windows-ix86+x86_64 | 0.73 | 5.00 | 27.00 | 32.00 | NOTE |
Version: 0.73
Check: data for non-ASCII characters
Result: NOTE
Note: found 143 marked Latin-1 strings
Note: found 833 marked UTF-8 strings
Flavors: r-devel-linux-x86_64-debian-clang, r-devel-linux-x86_64-debian-gcc, r-devel-linux-x86_64-fedora-clang, r-devel-linux-x86_64-fedora-gcc, r-devel-osx-x86_64-clang, r-devel-windows-ix86+x86_64, r-patched-linux-x86_64, r-patched-solaris-sparc, r-patched-solaris-x86, r-release-linux-ix86, r-release-linux-x86_64, r-release-osx-x86_64-mavericks, r-release-osx-x86_64-snowleopard, r-release-windows-ix86+x86_64, r-oldrel-windows-ix86+x86_64