CRAN Package Check Results for Package lrmest

Last updated on 2014-10-02 01:48:19.

Flavor Version Tinstall Tcheck Ttotal Status Flags
r-devel-linux-x86_64-debian-clang 1.0 0.87 36.80 37.67 NOTE
r-devel-linux-x86_64-debian-gcc 1.0 0.86 35.06 35.91 NOTE
r-devel-linux-x86_64-fedora-clang 1.0 77.57 NOTE
r-devel-linux-x86_64-fedora-gcc 1.0 71.92 NOTE
r-devel-osx-x86_64-clang 1.0 62.75 NOTE
r-devel-windows-ix86+x86_64 1.0 3.00 53.00 56.00 NOTE
r-patched-linux-x86_64 1.0 0.90 38.82 39.72 NOTE
r-patched-solaris-sparc 1.0 432.40 NOTE
r-patched-solaris-x86 1.0 95.40 NOTE
r-release-linux-ix86 1.0 1.20 48.38 49.58 NOTE
r-release-linux-x86_64 1.0 0.84 38.51 39.35 NOTE
r-release-osx-x86_64-mavericks 1.0 NOTE
r-release-osx-x86_64-snowleopard 1.0 OK
r-release-windows-ix86+x86_64 1.0 3.00 55.00 58.00 NOTE
r-oldrel-windows-ix86+x86_64 1.0 3.00 57.00 60.00 NOTE

Check Details

Version: 1.0
Check: dependencies in R code
Result: NOTE
    Package in Depends field not imported from: ‘MASS’
     These packages need to be imported from (in the NAMESPACE file)
     for when this namespace is loaded but not attached.
    See the information on DESCRIPTION files in the chapter ‘Creating R
    packages’ of the ‘Writing R Extensions’ manual.
Flavors: r-devel-linux-x86_64-debian-clang, r-devel-linux-x86_64-debian-gcc, r-devel-linux-x86_64-fedora-clang, r-devel-linux-x86_64-fedora-gcc, r-devel-osx-x86_64-clang, r-devel-windows-ix86+x86_64, r-patched-linux-x86_64, r-patched-solaris-sparc, r-patched-solaris-x86, r-release-linux-ix86, r-release-linux-x86_64, r-release-osx-x86_64-mavericks, r-release-windows-ix86+x86_64, r-oldrel-windows-ix86+x86_64

Version: 1.0
Check: R code for possible problems
Result: NOTE
    srliu : srliues: no visible global function definition for ‘ginv’
    srliu : plotsrliu : srlim: no visible global function definition for
     ‘ginv’
Flavors: r-devel-linux-x86_64-debian-clang, r-devel-linux-x86_64-debian-gcc, r-devel-linux-x86_64-fedora-clang, r-devel-linux-x86_64-fedora-gcc, r-devel-osx-x86_64-clang, r-devel-windows-ix86+x86_64