Last updated on 2014-10-02 01:48:19.
Flavor | Version | Tinstall | Tcheck | Ttotal | Status | Flags |
---|---|---|---|---|---|---|
r-devel-linux-x86_64-debian-clang | 0.2-1 | 0.66 | 9.87 | 10.53 | NOTE | |
r-devel-linux-x86_64-debian-gcc | 0.2-1 | 0.87 | 9.90 | 10.77 | NOTE | |
r-devel-linux-x86_64-fedora-clang | 0.2-1 | 20.84 | NOTE | |||
r-devel-linux-x86_64-fedora-gcc | 0.2-1 | 21.07 | NOTE | |||
r-devel-osx-x86_64-clang | 0.2-1 | 23.80 | NOTE | |||
r-devel-windows-ix86+x86_64 | 0.2-1 | 3.00 | 18.00 | 21.00 | NOTE | |
r-patched-linux-x86_64 | 0.2-1 | 0.70 | 10.09 | 10.79 | OK | |
r-patched-solaris-sparc | 0.2-1 | 114.00 | NOTE | |||
r-patched-solaris-x86 | 0.2-1 | 34.80 | NOTE | |||
r-release-linux-ix86 | 0.2-1 | 0.99 | 16.17 | 17.16 | NOTE | |
r-release-linux-x86_64 | 0.2-1 | 0.84 | 10.09 | 10.92 | OK | |
r-release-osx-x86_64-mavericks | 0.2-1 | NOTE | ||||
r-release-osx-x86_64-snowleopard | 0.2-1 | OK | ||||
r-release-windows-ix86+x86_64 | 0.2-1 | 4.00 | 19.00 | 23.00 | OK | |
r-oldrel-windows-ix86+x86_64 | 0.2-1 | 3.00 | 21.00 | 24.00 | OK |
Version: 0.2-1
Check: package dependencies
Result: NOTE
Package suggested but not available for checking: ‘Rsymphony’
Flavors: r-devel-linux-x86_64-debian-clang, r-patched-solaris-sparc, r-patched-solaris-x86, r-release-linux-ix86, r-release-osx-x86_64-mavericks
Version: 0.2-1
Check: R code for possible problems
Result: NOTE
mipSolve.Rsymphony: no visible global function definition for
‘Rsymphony_solve_LP’
Flavors: r-devel-linux-x86_64-debian-clang, r-devel-linux-x86_64-debian-gcc, r-devel-linux-x86_64-fedora-clang, r-devel-linux-x86_64-fedora-gcc, r-devel-osx-x86_64-clang, r-devel-windows-ix86+x86_64, r-patched-solaris-sparc, r-patched-solaris-x86, r-release-linux-ix86, r-release-osx-x86_64-mavericks