Last updated on 2014-10-02 01:48:19.
Flavor | Version | Tinstall | Tcheck | Ttotal | Status | Flags |
---|---|---|---|---|---|---|
r-devel-linux-x86_64-debian-clang | 0.9-33 | 1.50 | 23.88 | 25.38 | OK | |
r-devel-linux-x86_64-debian-gcc | 0.9-33 | 1.38 | 22.96 | 24.34 | OK | |
r-devel-linux-x86_64-fedora-clang | 0.9-33 | 49.84 | OK | |||
r-devel-linux-x86_64-fedora-gcc | 0.9-33 | 47.03 | OK | |||
r-devel-osx-x86_64-clang | 0.9-33 | 52.23 | OK | |||
r-devel-windows-ix86+x86_64 | 0.9-33 | 6.00 | 45.00 | 51.00 | OK | |
r-patched-linux-x86_64 | 0.9-33 | 1.55 | 24.70 | 26.25 | OK | |
r-patched-solaris-sparc | 0.9-33 | 343.80 | OK | |||
r-patched-solaris-x86 | 0.9-33 | 69.00 | OK | |||
r-release-linux-ix86 | 0.9-33 | 1.99 | 33.22 | 35.21 | OK | |
r-release-linux-x86_64 | 0.9-33 | 1.50 | 24.11 | 25.61 | OK | |
r-release-osx-x86_64-mavericks | 0.9-33 | NOTE | ||||
r-release-osx-x86_64-snowleopard | 0.9-33 | OK | ||||
r-release-windows-ix86+x86_64 | 0.9-33 | 7.00 | 49.00 | 56.00 | OK | |
r-oldrel-windows-ix86+x86_64 | 0.9-33 | 8.00 | 49.00 | 57.00 | OK |
Version: 0.9-33
Check: re-building of vignette outputs
Result: NOTE
Error in re-building vignettes:
...
Loading required package: zoo
Attaching package: ‘zoo’
The following objects are masked from ‘package:base’:
as.Date, as.Date.numeric
Loading required package: strucchange
Loading required package: sandwich
Error in texi2dvi(file = file, pdf = TRUE, clean = clean, quiet = quiet, :
Running 'texi2dvi' on 'lmtest-intro.tex' failed.
LaTeX errors:
! LaTeX Error: File `a4wide.sty' not found.
Type X to quit or <RETURN> to proceed,
or enter new name. (Default extension: sty)
test/lmtest/vignettes/lmtest-intro.tex:3: ==> Fatal error occurred, no output
PDF file produced!
Calls: buildVignettes -> texi2pdf -> texi2dvi
Execution halted
Flavor: r-release-osx-x86_64-mavericks