Last updated on 2014-10-02 01:48:19.
Flavor | Version | Tinstall | Tcheck | Ttotal | Status | Flags |
---|---|---|---|---|---|---|
r-devel-linux-x86_64-debian-clang | 1.0-11 | 8.97 | 33.46 | 42.43 | OK | |
r-devel-linux-x86_64-debian-gcc | 1.0-11 | 13.21 | 33.96 | 47.18 | OK | |
r-devel-linux-x86_64-fedora-clang | 1.0-11 | 105.73 | OK | |||
r-devel-linux-x86_64-fedora-gcc | 1.0-11 | 88.42 | OK | |||
r-devel-osx-x86_64-clang | 1.0-11 | 75.55 | OK | |||
r-devel-windows-ix86+x86_64 | 1.0-11 | 39.00 | 67.00 | 106.00 | OK | |
r-patched-linux-x86_64 | 1.0-11 | 12.79 | 35.39 | 48.18 | OK | |
r-patched-solaris-sparc | 1.0-11 | 325.30 | ERROR | |||
r-patched-solaris-x86 | 1.0-11 | 134.90 | OK | |||
r-release-linux-ix86 | 1.0-11 | 16.94 | 44.92 | 61.86 | OK | |
r-release-linux-x86_64 | 1.0-11 | 13.41 | 35.24 | 48.64 | OK | |
r-release-osx-x86_64-mavericks | 1.0-11 | NOTE | ||||
r-release-osx-x86_64-snowleopard | 1.0-11 | OK | ||||
r-release-windows-ix86+x86_64 | 1.0-11 | 40.00 | 72.00 | 112.00 | OK | |
r-oldrel-windows-ix86+x86_64 | 1.0-11 | 39.00 | 75.00 | 114.00 | OK |
Version: 1.0-11
Check: examples
Result: ERROR
Running examples in ‘linkcomm-Ex.R’ failed
The error most likely occurred in:
> ### Name: getLinkCommunities
> ### Title: Extract Link Communities from a Network
> ### Aliases: getLinkCommunities
>
> ### ** Examples
>
> ## Generate graph and extract link communities.
> g <- swiss[,3:4]
> lc <- getLinkCommunities(g)
Found and removed 4 loop(s)
Found and removed 2 duplicate edge(s)
Hierarchical clustering of edges...
Maximum partition density = 0.2601626
Finishing up...1/4... 12%
Finishing up...1/4... 25%
Finishing up...1/4... 37%
Finishing up...1/4... 50%
Finishing up...1/4... 62%
Finishing up...1/4... 75%
Finishing up...1/4... 87%
Finishing up...1/4... 100%
Finishing up...2/4... 12%
Finishing up...2/4... 25%
Finishing up...2/4... 37%
Finishing up...2/4... 50%
Finishing up...2/4... 62%
Finishing up...2/4... 75%
Finishing up...2/4... 87%
Finishing up...2/4... 100%
Finishing up...3/4... 12%
Finishing up...3/4... 25%
Finishing up...3/4... 37%
Finishing up...3/4... 50%
Finishing up...3/4... 62%
Finishing up...3/4... 75%
Finishing up...3/4... 87%
Finishing up...3/4... 100%
Plotting...
Colouring dendrogram... 1%
Colouring dendrogram... 2%
Colouring dendrogram... 3%
Colouring dendrogram... 4%
Colouring dendrogram... 6%
Colouring dendrogram... 7%
Colouring dendrogram... 8%
Colouring dendrogram... 9%
Colouring dendrogram... 11%
Colouring dendrogram... 12%
Colouring dendrogram... 13%
Colouring dendrogram... 14%
Colouring dendrogram... 16%
Colouring dendrogram... 17%
Colouring dendrogram... 18%
Colouring dendrogram... 19%
Colouring dendrogram... 20%
Colouring dendrogram... 22%
Colouring dendrogram... 23%
Colouring dendrogram... 24%
Colouring dendrogram... 25%
Colouring dendrogram... 27%
Colouring dendrogram... 28%
Colouring dendrogram... 29%
Colouring dendrogram... 30%
Colouring dendrogram... 32%
Colouring dendrogram... 33%
Colouring dendrogram... 34%
Colouring dendrogram... 35%
Colouring dendrogram... 37%
Colouring dendrogram... 38%
Colouring dendrogram... 39%
Colouring dendrogram... 40%
Colouring dendrogram... 41%
Colouring dendrogram... 43%
Colouring dendrogram... 44%
Colouring dendrogram... 45%
Colouring dendrogram... 46%
Colouring dendrogram... 48%
Colouring dendrogram... 49%
Colouring dendrogram... 50%
Colouring dendrogram... 51%
Colouring dendrogram... 53%
Colouring dendrogram... 54%
Colouring dendrogram... 55%
Colouring dendrogram... 56%
Colouring dendrogram... 58%
Colouring dendrogram... 59%
Colouring dendrogram... 60%
Colouring dendrogram... 61%
Colouring dendrogram... 62%
Colouring dendrogram... 64%
Colouring dendrogram... 65%
Colouring dendrogram... 66%
Colouring dendrogram... 67%
Colouring dendrogram... 69%
Colouring dendrogram... 70%
Colouring dendrogram... 71%
Colouring dendrogram... 72%
Colouring dendrogram... 74%
Colouring dendrogram... 75%
Colouring dendrogram... 76%
Colouring dendrogram... 77%
Colouring dendrogram... 79%
Colouring dendrogram... 80%
Colouring dendrogram... 81%
Colouring dendrogram... 82%
Colouring dendrogram... 83%
Colouring dendrogram... 85%
Colouring dendrogram... 86%
Colouring dendrogram... 87%
Colouring dendrogram... 88%
Colouring dendrogram... 90%
Colouring dendrogram... 91%
Colouring dendrogram... 92%
Colouring dendrogram... 93%
Colouring dendrogram... 95%
Colouring dendrogram... 96%
Colouring dendrogram... 97%
Colouring dendrogram... 98%
Colouring dendrogram... 100%
>
> ## Extract communities by writing a temporary file to disk.
> lc <- getLinkCommunities(g, edglim = 10)
Found and removed 4 loop(s)
Found and removed 2 duplicate edge(s)
*** caught segfault ***
address 0, cause 'memory not mapped'
Flavor: r-patched-solaris-sparc
Version: 1.0-11
Check: re-building of vignette outputs
Result: NOTE
Error in re-building vignettes:
...
Loading required package: RColorBrewer
Welcome to linkcomm version 1.0-11
For a step-by-step guide to using linkcomm functions:
> vignette(topic = "linkcomm", package = "linkcomm")
To run an interactive demo:
> demo(topic = "linkcomm", package = "linkcomm")
To cite, see:
> citation("linkcomm")
NOTE: To use linkcomm, you require read and write permissions in the current directory (see: help("getwd"), help("setwd"))
The "ward" method has been renamed to "ward.D"; note new "ward.D2"
Error in texi2dvi(file = file, pdf = TRUE, clean = clean, quiet = quiet, :
Running 'texi2dvi' on 'linkcomm.tex' failed.
LaTeX errors:
! LaTeX Error: File `sectsty.sty' not found.
Type X to quit or <RETURN> to proceed,
or enter new name. (Default extension: sty)
n_test/linkcomm/vignettes/linkcomm.tex:11: ==> Fatal error occurred, no output
PDF file produced!
Calls: buildVignettes -> texi2pdf -> texi2dvi
Execution halted
Flavor: r-release-osx-x86_64-mavericks