Last updated on 2014-10-02 01:48:19.
Flavor | Version | Tinstall | Tcheck | Ttotal | Status | Flags |
---|---|---|---|---|---|---|
r-devel-linux-x86_64-debian-clang | 0.10 | 2.45 | 11.92 | 14.37 | OK | |
r-devel-linux-x86_64-debian-gcc | 0.10 | 2.50 | 11.34 | 13.84 | OK | |
r-devel-linux-x86_64-fedora-clang | 0.10 | 29.60 | OK | |||
r-devel-linux-x86_64-fedora-gcc | 0.10 | 26.14 | OK | |||
r-devel-osx-x86_64-clang | 0.10 | 30.42 | OK | |||
r-devel-windows-ix86+x86_64 | 0.10 | 13.00 | 22.00 | 35.00 | OK | |
r-patched-linux-x86_64 | 0.10 | 2.50 | 11.80 | 14.30 | OK | |
r-patched-solaris-sparc | 0.10 | 150.20 | OK | |||
r-patched-solaris-x86 | 0.10 | 40.80 | OK | |||
r-release-linux-ix86 | 0.10 | 3.45 | 18.40 | 21.84 | OK | |
r-release-linux-x86_64 | 0.10 | 2.43 | 11.59 | 14.02 | OK | |
r-release-osx-x86_64-mavericks | 0.10 | NOTE | ||||
r-release-windows-ix86+x86_64 | 0.10 | 16.00 | 23.00 | 39.00 | OK | |
r-oldrel-windows-ix86+x86_64 | 0.10 | 12.00 | 24.00 | 36.00 | OK |
Version: 0.10
Check: re-building of vignette outputs
Result: NOTE
Error in re-building vignettes:
...
Loading required package: lhs
Error in texi2dvi(file = file, pdf = TRUE, clean = clean, quiet = quiet, :
Running 'texi2dvi' on 'augmentLHS_Example.tex' failed.
LaTeX errors:
! LaTeX Error: File `fullpage.sty' not found.
Type X to quit or <RETURN> to proceed,
or enter new name. (Default extension: sty)
t/lhs/vignettes/augmentLHS_Example.tex:4: ==> Fatal error occurred, no output
PDF file produced!
Calls: buildVignettes -> texi2pdf -> texi2dvi
Execution halted
Flavor: r-release-osx-x86_64-mavericks