Last updated on 2014-10-02 01:48:19.
Flavor | Version | Tinstall | Tcheck | Ttotal | Status | Flags |
---|---|---|---|---|---|---|
r-devel-linux-x86_64-debian-clang | 1.7-1289 | 6.34 | 183.90 | 190.24 | NOTE | |
r-devel-linux-x86_64-debian-gcc | 1.7-1289 | 6.38 | 176.65 | 183.04 | NOTE | |
r-devel-linux-x86_64-fedora-clang | 1.7-1289 | 398.84 | NOTE | |||
r-devel-linux-x86_64-fedora-gcc | 1.7-1289 | 380.71 | NOTE | |||
r-devel-osx-x86_64-clang | 1.7-1289 | 302.44 | NOTE | |||
r-devel-windows-ix86+x86_64 | 1.7-1289 | 16.00 | 297.00 | 313.00 | NOTE | |
r-patched-linux-x86_64 | 1.7-1289 | 6.88 | 184.03 | 190.91 | OK | |
r-patched-solaris-sparc | 1.7-1289 | 1138.50 | OK | --no-vignettes | ||
r-patched-solaris-x86 | 1.7-1289 | 521.60 | OK | --no-build-vignettes | ||
r-release-linux-ix86 | 1.7-1289 | 8.72 | 208.91 | 217.63 | OK | |
r-release-linux-x86_64 | 1.7-1289 | 6.73 | 180.13 | 186.86 | OK | |
r-release-osx-x86_64-mavericks | 1.7-1289 | OK | ||||
r-release-osx-x86_64-snowleopard | 1.7-1289 | OK | ||||
r-release-windows-ix86+x86_64 | 1.7-1289 | 15.00 | 309.00 | 324.00 | OK | |
r-oldrel-windows-ix86+x86_64 | 1.7-1289 | 17.00 | 309.00 | 326.00 | OK |
Version: 1.7-1289
Check: R code for possible problems
Result: NOTE
cgsol : <anonymous>: no visible global function definition for ‘Rcgmin’
diamgraph: no visible global function definition for ‘clusters’
diamgraph: no visible global function definition for ‘shortest.paths’
diamgraph: no visible global function definition for ‘diameter’
diamgraph: no visible global function definition for ‘induced.subgraph’
efactory: no visible global function definition for ‘cmpfun’
mkgraph: no visible global function definition for ‘graph.adjacency’
Flavors: r-devel-linux-x86_64-debian-clang, r-devel-linux-x86_64-debian-gcc, r-devel-linux-x86_64-fedora-clang, r-devel-linux-x86_64-fedora-gcc, r-devel-osx-x86_64-clang, r-devel-windows-ix86+x86_64