CRAN Package Check Results for Package leafletR

Last updated on 2014-10-02 01:48:19.

Flavor Version Tinstall Tcheck Ttotal Status Flags
r-devel-linux-x86_64-debian-clang 0.3-0 0.84 15.23 16.06 OK
r-devel-linux-x86_64-debian-gcc 0.3-0 0.87 15.14 16.01 OK
r-devel-linux-x86_64-fedora-clang 0.3-0 32.10 OK
r-devel-linux-x86_64-fedora-gcc 0.3-0 29.49 OK
r-devel-osx-x86_64-clang 0.3-0 31.34 OK
r-devel-windows-ix86+x86_64 0.3-0 3.00 24.00 27.00 OK
r-patched-linux-x86_64 0.3-0 0.88 15.34 16.22 OK
r-patched-solaris-sparc 0.3-0 169.30 OK
r-patched-solaris-x86 0.3-0 46.40 OK
r-release-linux-ix86 0.3-0 1.27 22.48 23.75 OK
r-release-linux-x86_64 0.3-0 1.02 16.04 17.06 OK
r-release-osx-x86_64-mavericks 0.3-0 NOTE
r-release-osx-x86_64-snowleopard 0.3-0 OK
r-release-windows-ix86+x86_64 0.3-0 3.00 26.00 29.00 OK
r-oldrel-windows-ix86+x86_64 0.3-0 3.00 29.00 32.00 OK

Check Details

Version: 0.3-0
Check: package dependencies
Result: NOTE
    Package suggested but not available for checking: ‘rgdal’
Flavor: r-release-osx-x86_64-mavericks