CRAN Package Check Results for Package l2boost

Last updated on 2014-10-02 01:48:19.

Flavor Version Tinstall Tcheck Ttotal Status Flags
r-devel-linux-x86_64-debian-clang 1.0 0.85 18.82 19.68 NOTE
r-devel-linux-x86_64-debian-gcc 1.0 0.76 18.51 19.26 NOTE
r-devel-linux-x86_64-fedora-clang 1.0 39.89 NOTE
r-devel-linux-x86_64-fedora-gcc 1.0 37.63 NOTE
r-devel-osx-x86_64-clang 1.0 36.97 NOTE
r-devel-windows-ix86+x86_64 1.0 2.00 29.00 31.00 NOTE
r-patched-linux-x86_64 1.0 0.82 19.40 20.22 OK
r-patched-solaris-sparc 1.0 230.90 OK
r-patched-solaris-x86 1.0 56.30 OK
r-release-linux-ix86 1.0 1.20 27.57 28.77 OK
r-release-linux-x86_64 1.0 0.78 19.35 20.13 OK
r-release-osx-x86_64-mavericks 1.0 OK
r-release-osx-x86_64-snowleopard 1.0 OK
r-release-windows-ix86+x86_64 1.0 3.00 31.00 34.00 OK
r-oldrel-windows-ix86+x86_64 1.0 3.00 31.00 34.00 OK

Check Details

Version: 1.0
Check: R code for possible problems
Result: NOTE
    cv.l2boost: no visible global function definition for ‘detectCores’
Flavors: r-devel-linux-x86_64-debian-clang, r-devel-linux-x86_64-debian-gcc, r-devel-linux-x86_64-fedora-clang, r-devel-linux-x86_64-fedora-gcc, r-devel-osx-x86_64-clang, r-devel-windows-ix86+x86_64