Last updated on 2014-10-02 01:48:19.
Flavor | Version | Tinstall | Tcheck | Ttotal | Status | Flags |
---|---|---|---|---|---|---|
r-devel-linux-x86_64-debian-clang | 1.6 | 1.70 | 32.46 | 34.16 | NOTE | |
r-devel-linux-x86_64-debian-gcc | 1.6 | 2.10 | 32.71 | 34.81 | NOTE | |
r-devel-linux-x86_64-fedora-clang | 1.6 | 74.82 | NOTE | |||
r-devel-linux-x86_64-fedora-gcc | 1.6 | 70.06 | NOTE | |||
r-devel-osx-x86_64-clang | 1.6 | 71.69 | NOTE | |||
r-devel-windows-ix86+x86_64 | 1.6 | 16.00 | 51.00 | 67.00 | NOTE | |
r-patched-linux-x86_64 | 1.6 | 1.81 | 35.60 | 37.40 | NOTE | |
r-patched-solaris-sparc | 1.6 | 408.90 | OK | |||
r-patched-solaris-x86 | 1.6 | 92.10 | NOTE | |||
r-release-linux-ix86 | 1.6 | 2.91 | 44.72 | 47.63 | NOTE | |
r-release-linux-x86_64 | 1.6 | 1.70 | 33.79 | 35.50 | NOTE | |
r-release-osx-x86_64-mavericks | 1.6 | OK | ||||
r-release-osx-x86_64-snowleopard | 1.6 | OK | ||||
r-release-windows-ix86+x86_64 | 1.6 | 19.00 | 54.00 | 73.00 | NOTE | |
r-oldrel-windows-ix86+x86_64 | 1.6 | 20.00 | 58.00 | 78.00 | NOTE |
Version: 1.6
Check: R code for possible problems
Result: NOTE
eclipse_theme: no visible global function definition for ‘xmlParse’
eclipse_theme: no visible global function definition for ‘xmlAttrs’
eclipse_theme: no visible global function definition for ‘xmlRoot’
eclipse_theme: no visible global function definition for ‘xmlToList’
hook_rgl: no visible global function definition for ‘rgl.cur’
hook_rgl: no visible global function definition for ‘par3d’
hook_rgl: no visible global function definition for ‘rgl.postscript’
hook_rgl: no visible global function definition for ‘rgl.snapshot’
hook_webgl: no visible global function definition for ‘rgl.cur’
hook_webgl: no visible global function definition for ‘par3d’
hook_webgl: no visible global function definition for ‘writeWebGL’
Flavors: r-devel-linux-x86_64-debian-clang, r-devel-linux-x86_64-debian-gcc, r-devel-linux-x86_64-fedora-clang, r-devel-linux-x86_64-fedora-gcc, r-devel-osx-x86_64-clang, r-devel-windows-ix86+x86_64
Version: 1.6
Check: re-building of vignette outputs
Result: NOTE
Error in re-building vignettes:
...
pandoc: Filter pandoc-citeproc not found
Error: processing vignette ‘knitr-intro.Rmd’ failed with diagnostics:
pandoc document conversion failed with error 85
Execution halted
Flavors: r-devel-linux-x86_64-debian-clang, r-devel-linux-x86_64-debian-gcc, r-patched-linux-x86_64, r-release-linux-ix86, r-release-linux-x86_64
Version: 1.6
Check: re-building of vignette outputs
Result: NOTE
Error in re-building vignettes:
...
Error: processing vignette 'knit_print.Rmd' failed with diagnostics:
pandoc version 1.12.3 or higher is required and was not found.
Execution halted
Flavors: r-devel-osx-x86_64-clang, r-devel-windows-ix86+x86_64, r-patched-solaris-x86, r-release-windows-ix86+x86_64, r-oldrel-windows-ix86+x86_64