CRAN Package Check Results for Package knitcitations

Last updated on 2014-10-02 01:48:19.

Flavor Version Tinstall Tcheck Ttotal Status Flags
r-devel-linux-x86_64-debian-clang 1.0-1 2.55 44.51 47.06 NOTE
r-devel-linux-x86_64-debian-gcc 1.0-1 2.48 40.32 42.81 NOTE
r-devel-linux-x86_64-fedora-clang 1.0-1 81.82 NOTE
r-devel-linux-x86_64-fedora-gcc 1.0-1 78.66 NOTE
r-devel-osx-x86_64-clang 1.0-1 69.37 NOTE
r-devel-windows-ix86+x86_64 1.0-1 8.00 53.00 61.00 NOTE
r-patched-linux-x86_64 1.0-1 2.73 42.79 45.52 NOTE
r-patched-solaris-sparc 1.0-1 393.00 NOTE
r-patched-solaris-x86 1.0-1 102.10 NOTE
r-release-linux-ix86 1.0-1 3.24 51.73 54.97 NOTE
r-release-linux-x86_64 1.0-1 2.66 61.10 63.76 NOTE
r-release-osx-x86_64-mavericks 1.0-1 OK
r-release-osx-x86_64-snowleopard 1.0-1 OK
r-release-windows-ix86+x86_64 1.0-1 8.00 62.00 70.00 NOTE
r-oldrel-windows-ix86+x86_64 1.0-1 9.00 63.00 72.00 NOTE

Check Details

Version: 1.0-1
Check: re-building of vignette outputs
Result: NOTE
    Error in re-building vignettes:
     ...
    Writing 6 Bibtex entries ... OK
    Results written to file 'references.bib'
    pandoc: Filter pandoc-citeproc not found
    Error: processing vignette ‘tutorial.Rmd’ failed with diagnostics:
    pandoc document conversion failed with error 85
    Execution halted
Flavors: r-devel-linux-x86_64-debian-clang, r-devel-linux-x86_64-debian-gcc, r-patched-linux-x86_64, r-release-linux-ix86, r-release-linux-x86_64

Version: 1.0-1
Check: re-building of vignette outputs
Result: NOTE
    Error in re-building vignettes:
     ...
    Writing 6 Bibtex entries ... OK
    Results written to file 'references.bib'
    pandoc-citeproc: reference Boettiger2013 not found
    Fetching https://travis-ci.org/cboettig/knitcitations.png...
    pandoc: Could not find image `https://travis-ci.org/cboettig/knitcitations.png', skipping...
    pandoc: Error producing PDF from TeX source.
    ! Package pdftex.def Error: File `https://travis-ci.org/cboettig/knitcitations.
    png' not found.
    
    See the pdftex.def package documentation for explanation.
    Type H <return> for immediate help.
     ...
    
    l.109 ...ravis-ci.org/cboettig/knitcitations.png}}
    
    Error: processing vignette 'tutorial.Rmd' failed with diagnostics:
    pandoc document conversion failed with error 43
    Execution halted
Flavors: r-devel-linux-x86_64-fedora-clang, r-devel-linux-x86_64-fedora-gcc

Version: 1.0-1
Check: re-building of vignette outputs
Result: NOTE
    Error in re-building vignettes:
     ...
    Error: processing vignette 'tutorial.Rmd' failed with diagnostics:
    pandoc version 1.12.3 or higher is required and was not found.
    Execution halted
Flavors: r-devel-osx-x86_64-clang, r-devel-windows-ix86+x86_64, r-patched-solaris-sparc, r-patched-solaris-x86, r-release-windows-ix86+x86_64, r-oldrel-windows-ix86+x86_64