Last updated on 2014-10-02 01:48:19.
Flavor | Version | Tinstall | Tcheck | Ttotal | Status | Flags |
---|---|---|---|---|---|---|
r-devel-linux-x86_64-debian-clang | 0.4-6 | 4.56 | 60.49 | 65.05 | NOTE | |
r-devel-linux-x86_64-debian-gcc | 0.4-6 | 4.62 | 60.16 | 64.78 | NOTE | |
r-devel-linux-x86_64-fedora-clang | 0.4-6 | 141.51 | NOTE | |||
r-devel-linux-x86_64-fedora-gcc | 0.4-6 | 132.76 | NOTE | |||
r-devel-osx-x86_64-clang | 0.4-6 | 112.28 | OK | |||
r-devel-windows-ix86+x86_64 | 0.4-6 | 21.00 | 140.00 | 161.00 | OK | |
r-patched-linux-x86_64 | 0.4-6 | 5.00 | 63.80 | 68.80 | NOTE | |
r-patched-solaris-sparc | 0.4-6 | 859.60 | OK | |||
r-patched-solaris-x86 | 0.4-6 | 190.80 | OK | |||
r-release-linux-ix86 | 0.4-6 | 6.22 | 78.84 | 85.06 | OK | |
r-release-linux-x86_64 | 0.4-6 | 4.92 | 65.79 | 70.71 | NOTE | |
r-release-osx-x86_64-mavericks | 0.4-6 | OK | ||||
r-release-osx-x86_64-snowleopard | 0.4-6 | WARN | ||||
r-release-windows-ix86+x86_64 | 0.4-6 | 21.00 | 158.00 | 179.00 | OK | |
r-oldrel-windows-ix86+x86_64 | 0.4-6 | 21.00 | 159.00 | 180.00 | OK |
Version: 0.4-6
Check: top-level files
Result: NOTE
Non-standard file/directory found at top level:
‘kappalab-Ex.R’
Flavors: r-devel-linux-x86_64-debian-clang, r-devel-linux-x86_64-debian-gcc, r-devel-linux-x86_64-fedora-clang, r-devel-linux-x86_64-fedora-gcc, r-patched-linux-x86_64, r-release-linux-x86_64
Version: 0.4-6
Check: Rd line widths
Result: NOTE
Rd file 'mini.dist.capa.ident.Rd':
\examples lines wider than 100 characters:
min.dist <- mini.dist.capa.ident(a.mu,2,"binary.alternatives",A.Choquet.preorder = Acp)
These lines will be truncated in the PDF manual.
Flavors: r-devel-linux-x86_64-debian-clang, r-devel-linux-x86_64-debian-gcc, r-devel-linux-x86_64-fedora-clang, r-devel-linux-x86_64-fedora-gcc, r-patched-linux-x86_64, r-release-linux-x86_64
Version: 0.4-6
Check: examples
Result: WARN
checking a package with encoding 'latin1' in an ASCII locale
OK
Flavor: r-release-osx-x86_64-snowleopard