CRAN Package Check Results for Package jsonlite

Last updated on 2014-10-02 01:48:19.

Flavor Version Tinstall Tcheck Ttotal Status Flags
r-devel-linux-x86_64-debian-clang 0.9.12 2.62 26.10 28.72 OK
r-devel-linux-x86_64-debian-gcc 0.9.12 2.90 25.28 28.18 OK
r-devel-linux-x86_64-fedora-clang 0.9.12 32.91 OK
r-devel-linux-x86_64-fedora-gcc 0.9.12 56.56 OK
r-devel-osx-x86_64-clang 0.9.12 57.68 OK
r-devel-windows-ix86+x86_64 0.9.12 24.00 56.00 80.00 OK
r-patched-linux-x86_64 0.9.12 2.93 27.30 30.23 OK
r-patched-solaris-sparc 0.9.12 294.90 OK
r-patched-solaris-x86 0.9.12 78.30 OK
r-release-linux-ix86 0.9.11 10.38 37.45 47.83 OK
r-release-linux-x86_64 0.9.12 2.96 26.93 29.90 OK
r-release-osx-x86_64-mavericks 0.9.12 NOTE
r-release-osx-x86_64-snowleopard 0.9.12 OK
r-release-windows-ix86+x86_64 0.9.12 24.00 58.00 82.00 OK
r-oldrel-windows-ix86+x86_64 0.9.12 24.00 57.00 81.00 OK

Check Details

Version: 0.9.12
Check: re-building of vignette outputs
Result: NOTE
    Error in re-building vignettes:
     ...
    
    Attaching package: 'jsonlite'
    
    The following object is masked from 'package:utils':
    
     View
    
    Warning: running command 'kpsewhich framed.sty' had status 1
    Warning in test_latex_pkg("framed", system.file("misc", "framed.sty", package = "knitr")) :
     unable to find LaTeX package 'framed'; will use a copy from knitr
    Error in texi2dvi(file = file, pdf = TRUE, clean = clean, quiet = quiet, :
     Running 'texi2dvi' on 'json-mapping.tex' failed.
    LaTeX errors:
    ! LaTeX Error: File `fullpage.sty' not found.
    
    Type X to quit or <RETURN> to proceed,
    or enter new name. (Default extension: sty)
    
    n_test/jsonlite/vignettes/json-mapping.tex:63: ==> Fatal error occurred, no ou
    tput PDF file produced!
    Calls: buildVignettes -> texi2pdf -> texi2dvi
    Execution halted
Flavor: r-release-osx-x86_64-mavericks