CRAN Package Check Results for Package ismev

Last updated on 2014-10-02 01:48:18.

Flavor Version Tinstall Tcheck Ttotal Status Flags
r-devel-linux-x86_64-debian-clang 1.39 3.46 42.65 46.11 NOTE
r-devel-linux-x86_64-debian-gcc 1.39 3.53 42.22 45.75 NOTE
r-devel-linux-x86_64-fedora-clang 1.39 104.96 NOTE
r-devel-linux-x86_64-fedora-gcc 1.39 101.41 NOTE
r-devel-osx-x86_64-clang 1.39 87.15 NOTE
r-devel-windows-ix86+x86_64 1.39 11.00 60.00 71.00 NOTE
r-patched-linux-x86_64 1.39 3.77 45.48 49.25 NOTE
r-patched-solaris-sparc 1.39 631.90 NOTE
r-patched-solaris-x86 1.39 148.30 NOTE
r-release-linux-ix86 1.39 4.38 60.09 64.47 NOTE
r-release-linux-x86_64 1.39 3.84 45.81 49.64 NOTE
r-release-osx-x86_64-mavericks 1.39 NOTE
r-release-osx-x86_64-snowleopard 1.39 ERROR
r-release-windows-ix86+x86_64 1.39 10.00 67.00 77.00 NOTE
r-oldrel-windows-ix86+x86_64 1.39 11.00 60.00 71.00 NOTE

Check Details

Version: 1.39
Check: dependencies in R code
Result: NOTE
    'library' or 'require' call to ‘mgcv’ which was already attached by Depends.
     Please remove these calls from your code.
    Package in Depends field not imported from: ‘mgcv’
     These packages need to be imported from (in the NAMESPACE file)
     for when this namespace is loaded but not attached.
    See the information on DESCRIPTION files in the chapter ‘Creating R
    packages’ of the ‘Writing R Extensions’ manual.
Flavors: r-devel-linux-x86_64-debian-clang, r-devel-linux-x86_64-debian-gcc, r-devel-linux-x86_64-fedora-clang, r-devel-linux-x86_64-fedora-gcc, r-devel-osx-x86_64-clang, r-devel-windows-ix86+x86_64, r-patched-linux-x86_64, r-patched-solaris-sparc, r-patched-solaris-x86, r-release-linux-ix86, r-release-linux-x86_64, r-release-osx-x86_64-mavericks, r-release-windows-ix86+x86_64, r-oldrel-windows-ix86+x86_64

Version: 1.39
Check: R code for possible problems
Result: NOTE
    gamGPDfitUp: no visible global function definition for ‘gam’
Flavors: r-devel-linux-x86_64-debian-clang, r-devel-linux-x86_64-debian-gcc, r-devel-linux-x86_64-fedora-clang, r-devel-linux-x86_64-fedora-gcc, r-devel-osx-x86_64-clang, r-devel-windows-ix86+x86_64

Version: 1.39
Check: whether package can be installed
Result: ERROR
    Installation failed.
Flavor: r-release-osx-x86_64-snowleopard