Last updated on 2014-10-02 01:48:18.
Flavor | Version | Tinstall | Tcheck | Ttotal | Status | Flags |
---|---|---|---|---|---|---|
r-devel-linux-x86_64-debian-clang | 0.1.0 | 0.65 | 9.18 | 9.82 | NOTE | |
r-devel-linux-x86_64-debian-gcc | 0.1.0 | 0.61 | 10.03 | 10.64 | NOTE | |
r-devel-linux-x86_64-fedora-clang | 0.1.0 | 19.89 | NOTE | |||
r-devel-linux-x86_64-fedora-gcc | 0.1.0 | 18.25 | NOTE | |||
r-devel-osx-x86_64-clang | 0.1.0 | 23.27 | NOTE | |||
r-devel-windows-ix86+x86_64 | 0.1.0 | 2.00 | 15.00 | 17.00 | NOTE | |
r-patched-linux-x86_64 | 0.1.0 | 0.64 | 11.51 | 12.15 | NOTE | |
r-patched-solaris-sparc | 0.1.0 | 142.50 | NOTE | |||
r-patched-solaris-x86 | 0.1.0 | 37.10 | NOTE | |||
r-release-linux-ix86 | 0.1.0 | 1.06 | 17.43 | 18.50 | NOTE | |
r-release-linux-x86_64 | 0.1.0 | 0.61 | 11.47 | 12.08 | NOTE | |
r-release-osx-x86_64-mavericks | 0.1.0 | NOTE | ||||
r-release-windows-ix86+x86_64 | 0.1.0 | 2.00 | 20.00 | 22.00 | NOTE | |
r-oldrel-windows-ix86+x86_64 | 0.1.0 | 3.00 | 18.00 | 21.00 | NOTE |
Version: 0.1.0
Check: R code for possible problems
Result: NOTE
dendrify: no visible binding for global variable ‘item’
dendrify: no visible binding for global variable ‘node’
dendrify: no visible binding for global variable ‘value’
exogenize: no visible binding for global variable ‘item’
Flavors: r-devel-linux-x86_64-debian-clang, r-devel-linux-x86_64-debian-gcc, r-devel-linux-x86_64-fedora-clang, r-devel-linux-x86_64-fedora-gcc, r-devel-osx-x86_64-clang, r-devel-windows-ix86+x86_64, r-patched-linux-x86_64, r-patched-solaris-sparc, r-patched-solaris-x86, r-release-linux-ix86, r-release-linux-x86_64, r-release-osx-x86_64-mavericks, r-release-windows-ix86+x86_64, r-oldrel-windows-ix86+x86_64