CRAN Package Check Results for Package io

Last updated on 2014-10-02 01:48:18.

Flavor Version Tinstall Tcheck Ttotal Status Flags
r-devel-linux-x86_64-debian-clang 0.1 0.62 9.42 10.04 NOTE
r-devel-linux-x86_64-debian-gcc 0.1 0.60 9.21 9.82 NOTE
r-devel-linux-x86_64-fedora-clang 0.1 20.03 NOTE
r-devel-linux-x86_64-fedora-gcc 0.1 19.64 NOTE
r-devel-osx-x86_64-clang 0.1 22.26 NOTE
r-devel-windows-ix86+x86_64 0.1 2.00 15.00 17.00 NOTE
r-patched-linux-x86_64 0.1 0.60 10.36 10.96 OK
r-patched-solaris-sparc 0.1 127.00 NOTE
r-patched-solaris-x86 0.1 30.40 NOTE
r-release-linux-ix86 0.1 0.90 15.62 16.52 OK
r-release-linux-x86_64 0.1 0.54 9.78 10.32 OK
r-release-osx-x86_64-mavericks 0.1 NOTE
r-release-osx-x86_64-snowleopard 0.1 NOTE
r-release-windows-ix86+x86_64 0.1 2.00 16.00 18.00 OK
r-oldrel-windows-ix86+x86_64 0.1 2.00 18.00 20.00 OK

Check Details

Version: 0.1
Check: R code for possible problems
Result: NOTE
    qread.h5: no visible global function definition for ‘h5read’
    qread.hdf5: no visible global function definition for ‘h5read’
    qread.json: no visible global function definition for ‘unserializeJSON’
    qread.xml: no visible global function definition for ‘xmlParse’
    qread.yaml: no visible global function definition for ‘yaml.load_file’
    qwrite.h5: no visible global function definition for ‘h5createFile’
    qwrite.h5: no visible global function definition for ‘h5write’
    qwrite.hdf5: no visible global function definition for ‘h5createFile’
    qwrite.hdf5: no visible global function definition for ‘h5write’
    qwrite.json: no visible global function definition for ‘serializeJSON’
    qwrite.xml: no visible global function definition for ‘saveXML’
    qwrite.yaml: no visible global function definition for ‘as.yaml’
Flavors: r-devel-linux-x86_64-debian-clang, r-devel-linux-x86_64-debian-gcc, r-devel-linux-x86_64-fedora-clang, r-devel-linux-x86_64-fedora-gcc, r-devel-osx-x86_64-clang, r-devel-windows-ix86+x86_64

Version: 0.1
Check: package dependencies
Result: NOTE
    Package suggested but not available for checking: ‘rhdf5’
Flavors: r-patched-solaris-sparc, r-patched-solaris-x86, r-release-osx-x86_64-mavericks, r-release-osx-x86_64-snowleopard

Version: 0.1
Check: R code for possible problems
Result: NOTE
    qread.h5: no visible global function definition for ‘h5read’
    qread.hdf5: no visible global function definition for ‘h5read’
    qwrite.h5: no visible global function definition for ‘h5createFile’
    qwrite.h5: no visible global function definition for ‘h5write’
    qwrite.hdf5: no visible global function definition for ‘h5createFile’
    qwrite.hdf5: no visible global function definition for ‘h5write’
Flavors: r-patched-solaris-sparc, r-patched-solaris-x86, r-release-osx-x86_64-mavericks, r-release-osx-x86_64-snowleopard