Last updated on 2014-10-02 01:48:18.
Flavor | Version | Tinstall | Tcheck | Ttotal | Status | Flags |
---|---|---|---|---|---|---|
r-devel-linux-x86_64-debian-clang | 1.0 | 1.43 | 16.19 | 17.62 | NOTE | |
r-devel-linux-x86_64-debian-gcc | 1.0 | 1.78 | 15.85 | 17.64 | NOTE | |
r-devel-linux-x86_64-fedora-clang | 1.0 | 35.11 | NOTE | |||
r-devel-linux-x86_64-fedora-gcc | 1.0 | 33.77 | NOTE | |||
r-devel-osx-x86_64-clang | 1.0 | 34.87 | NOTE | |||
r-devel-windows-ix86+x86_64 | 1.0 | 4.00 | 25.00 | 29.00 | NOTE | |
r-patched-linux-x86_64 | 1.0 | 1.24 | 17.38 | 18.62 | NOTE | |
r-patched-solaris-sparc | 1.0 | 204.20 | NOTE | |||
r-patched-solaris-x86 | 1.0 | 50.70 | NOTE | |||
r-release-linux-ix86 | 1.0 | 1.83 | 23.13 | 24.96 | NOTE | |
r-release-linux-x86_64 | 1.0 | 1.58 | 16.74 | 18.32 | NOTE | |
r-release-osx-x86_64-mavericks | 1.0 | NOTE | ||||
r-release-osx-x86_64-snowleopard | 1.0 | OK | ||||
r-release-windows-ix86+x86_64 | 1.0 | 4.00 | 27.00 | 31.00 | NOTE | |
r-oldrel-windows-ix86+x86_64 | 1.0 | 4.00 | 26.00 | 30.00 | NOTE |
Version: 1.0
Check: dependencies in R code
Result: NOTE
Packages in Depends field not imported from:
‘car’ ‘methods’
These packages need to be imported from (in the NAMESPACE file)
for when this namespace is loaded but not attached.
See the information on DESCRIPTION files in the chapter ‘Creating R
packages’ of the ‘Writing R Extensions’ manual.
Flavors: r-devel-linux-x86_64-debian-clang, r-devel-linux-x86_64-debian-gcc, r-devel-linux-x86_64-fedora-clang, r-devel-linux-x86_64-fedora-gcc, r-devel-osx-x86_64-clang, r-devel-windows-ix86+x86_64, r-patched-linux-x86_64, r-patched-solaris-sparc, r-patched-solaris-x86, r-release-linux-ix86, r-release-linux-x86_64, r-release-osx-x86_64-mavericks, r-release-windows-ix86+x86_64, r-oldrel-windows-ix86+x86_64
Version: 1.0
Check: R code for possible problems
Result: NOTE
incrementalMultivariateRegression,data.frame: no visible global
function definition for ‘Anova’
multicollinearityTest,data.frame: no visible global function definition
for ‘vif’
Flavors: r-devel-linux-x86_64-debian-clang, r-devel-linux-x86_64-debian-gcc, r-devel-linux-x86_64-fedora-clang, r-devel-linux-x86_64-fedora-gcc, r-devel-osx-x86_64-clang, r-devel-windows-ix86+x86_64