Last updated on 2014-10-02 01:48:18.
Flavor | Version | Tinstall | Tcheck | Ttotal | Status | Flags |
---|---|---|---|---|---|---|
r-devel-linux-x86_64-debian-clang | 0.2 | 0.75 | 5.84 | 6.58 | NOTE | |
r-devel-linux-x86_64-debian-gcc | 0.2 | 0.68 | 5.72 | 6.40 | NOTE | |
r-devel-linux-x86_64-fedora-clang | 0.2 | 13.29 | NOTE | |||
r-devel-linux-x86_64-fedora-gcc | 0.2 | 13.05 | NOTE | |||
r-devel-osx-x86_64-clang | 0.2 | 16.23 | NOTE | |||
r-devel-windows-ix86+x86_64 | 0.2 | 2.00 | 11.00 | 13.00 | OK | |
r-patched-linux-x86_64 | 0.2 | 0.76 | 6.30 | 7.06 | NOTE | |
r-patched-solaris-sparc | 0.2 | 72.40 | NOTE | |||
r-patched-solaris-x86 | 0.2 | 20.80 | NOTE | |||
r-release-linux-ix86 | 0.2 | 1.12 | 9.25 | 10.37 | OK | |
r-release-linux-x86_64 | 0.2 | 0.67 | 5.62 | 6.29 | OK | |
r-release-osx-x86_64-mavericks | 0.2 | OK | ||||
r-release-osx-x86_64-snowleopard | 0.2 | OK | ||||
r-release-windows-ix86+x86_64 | 0.2 | 2.00 | 11.00 | 13.00 | OK | |
r-oldrel-windows-ix86+x86_64 | 0.2 | 3.00 | 11.00 | 14.00 | OK |
Version: 0.2
Check: DESCRIPTION meta-information
Result: NOTE
Deprecated license: CC BY-SA 2.0 + file LICENSE
Flavors: r-devel-linux-x86_64-debian-clang, r-devel-linux-x86_64-debian-gcc, r-devel-linux-x86_64-fedora-clang, r-devel-linux-x86_64-fedora-gcc, r-devel-osx-x86_64-clang, r-patched-linux-x86_64, r-patched-solaris-sparc, r-patched-solaris-x86