CRAN Package Check Results for Package icd9

Last updated on 2014-10-02 01:48:18.

Flavor Version Tinstall Tcheck Ttotal Status Flags
r-devel-linux-x86_64-debian-clang 0.5 3.07 378.20 381.27 NOTE
r-devel-linux-x86_64-debian-gcc 0.5 2.94 373.08 376.02 NOTE
r-devel-linux-x86_64-fedora-clang 0.5 847.68 NOTE
r-devel-linux-x86_64-fedora-gcc 0.5 804.74 NOTE
r-devel-osx-x86_64-clang 0.5 579.72 NOTE
r-devel-windows-ix86+x86_64 0.5 8.00 556.00 564.00 NOTE
r-patched-linux-x86_64 0.5 3.17 382.80 385.97 NOTE
r-patched-solaris-sparc 0.5 2959.20 NOTE --no-build-vignettes
r-patched-solaris-x86 0.5 770.00 NOTE
r-release-linux-ix86 0.5 4.48 451.22 455.70 NOTE
r-release-linux-x86_64 0.5 3.02 392.79 395.81 NOTE
r-release-osx-x86_64-mavericks 0.5 NOTE
r-release-osx-x86_64-snowleopard 0.5 NOTE
r-release-windows-ix86+x86_64 0.5 8.00 562.00 570.00 NOTE
r-oldrel-windows-ix86+x86_64 0.5 8.00 487.00 495.00 NOTE

Check Details

Version: 0.5
Check: R code for possible problems
Result: NOTE
    icd9Benchmark: no visible global function definition for
     ‘microbenchmark’
    icd9ComorbiditiesAhrq: no visible binding for global variable
     ‘ahrqComorbid’
    icd9ComorbiditiesAhrq: no visible binding for global variable
     ‘ahrqComorbidNamesAbbrev’
    icd9ComorbiditiesAhrq: no visible binding for global variable
     ‘ahrqComorbidNames’
    icd9ComorbiditiesAhrq: no visible binding for global variable
     ‘ahrqComorbidNamesHtnAbbrev’
    icd9ComorbiditiesAhrq: no visible binding for global variable
     ‘ahrqComorbidNamesHtn’
    icd9ComorbiditiesElixhauser: no visible binding for global variable
     ‘elixhauserComorbid’
    icd9ComorbiditiesElixhauser: no visible binding for global variable
     ‘elixhauserComorbidNamesAbbrev’
    icd9ComorbiditiesElixhauser: no visible binding for global variable
     ‘elixhauserComorbidNames’
    icd9ComorbiditiesElixhauser: no visible binding for global variable
     ‘elixhauserComorbidNamesHtnAbbrev’
    icd9ComorbiditiesElixhauser: no visible binding for global variable
     ‘elixhauserComorbidNamesHtn’
    icd9ComorbiditiesQuanDeyo: no visible binding for global variable
     ‘quanDeyoComorbid’
    icd9ComorbiditiesQuanDeyo: no visible binding for global variable
     ‘charlsonComorbidNamesAbbrev’
    icd9ComorbiditiesQuanDeyo: no visible binding for global variable
     ‘charlsonComorbidNames’
    icd9ComorbiditiesQuanElixhauser: no visible binding for global variable
     ‘quanElixhauserComorbid’
    icd9ComorbiditiesQuanElixhauser: no visible binding for global variable
     ‘quanElixhauserComorbidNamesAbbrev’
    icd9ComorbiditiesQuanElixhauser: no visible binding for global variable
     ‘quanElixhauserComorbidNames’
    icd9ComorbiditiesQuanElixhauser: no visible binding for global variable
     ‘quanElixhauserComorbidNamesHtnAbbrev’
    icd9ComorbiditiesQuanElixhauser: no visible binding for global variable
     ‘quanElixhauserComorbidNamesHtn’
    icd9CondenseToExplain: no visible binding for global variable
     ‘icd9Hierarchy’
    icd9CondenseToExplain: no visible binding for global variable
     ‘icd9ChaptersMajor’
    icd9Explain.character: no visible binding for global variable
     ‘icd9ChaptersMajor’
    icd9Explain.character: no visible binding for global variable
     ‘icd9Hierarchy’
    icd9GetChapters: no visible binding for global variable ‘icd9Chapters’
    icd9GetChapters: no visible binding for global variable
     ‘icd9ChaptersSub’
    icd9GetChapters: no visible binding for global variable
     ‘icd9ChaptersMajor’
    icd9RealShort: no visible binding for global variable ‘icd9Hierarchy’
    parseAhrqSas: no visible binding for global variable
     ‘ahrqComorbidNamesHtnAbbrev’
    parseElixhauser: no visible binding for global variable
     ‘elixhauserComorbidNamesHtnAbbrev’
    parseQuanDeyoSas: no visible binding for global variable
     ‘charlsonComorbidNamesAbbrev’
    parseQuanElixhauser: no visible binding for global variable
     ‘quanElixhauserComorbidNamesHtnAbbrev’
Flavors: r-devel-linux-x86_64-debian-clang, r-devel-linux-x86_64-debian-gcc, r-devel-linux-x86_64-fedora-clang, r-devel-linux-x86_64-fedora-gcc, r-devel-osx-x86_64-clang, r-devel-windows-ix86+x86_64

Version: 0.5
Check: data for non-ASCII characters
Result: NOTE
     Note: found 7 marked UTF-8 strings
Flavors: r-devel-linux-x86_64-debian-clang, r-devel-linux-x86_64-debian-gcc, r-devel-linux-x86_64-fedora-clang, r-devel-linux-x86_64-fedora-gcc, r-devel-osx-x86_64-clang, r-devel-windows-ix86+x86_64, r-patched-linux-x86_64, r-patched-solaris-x86, r-release-linux-ix86, r-release-linux-x86_64, r-release-osx-x86_64-mavericks, r-release-osx-x86_64-snowleopard, r-release-windows-ix86+x86_64, r-oldrel-windows-ix86+x86_64

Version: 0.5
Flags: --no-build-vignettes
Check: package dependencies
Result: NOTE
    Package suggested but not available for checking: ‘microbenchmark’
Flavor: r-patched-solaris-sparc

Version: 0.5
Flags: --no-build-vignettes
Check: installed package size
Result: NOTE
     installed size is 5.1Mb
     sub-directories of 1Mb or more:
     extdata 4.2Mb
Flavor: r-patched-solaris-sparc

Version: 0.5
Flags: --no-build-vignettes
Check: R code for possible problems
Result: NOTE
    icd9Benchmark: no visible global function definition for
     ‘microbenchmark’
Flavor: r-patched-solaris-sparc

Version: 0.5
Flags: --no-build-vignettes
Check: data for non-ASCII characters
Result: NOTE
     Note: found 7 marked UTF-8 strings
Flavor: r-patched-solaris-sparc

Version: 0.5
Check: installed package size
Result: NOTE
     installed size is 5.1Mb
     sub-directories of 1Mb or more:
     extdata 4.2Mb
Flavor: r-patched-solaris-x86