CRAN Package Check Results for Package iDynoR

Last updated on 2014-10-02 01:48:18.

Flavor Version Tinstall Tcheck Ttotal Status Flags
r-devel-linux-x86_64-debian-clang 1.0 1.93 18.42 20.34 NOTE
r-devel-linux-x86_64-debian-gcc 1.0 1.54 17.38 18.92 NOTE
r-devel-linux-x86_64-fedora-clang 1.0 39.72 NOTE
r-devel-linux-x86_64-fedora-gcc 1.0 38.47 NOTE
r-devel-osx-x86_64-clang 1.0 37.23 NOTE
r-devel-windows-ix86+x86_64 1.0 5.00 28.00 33.00 NOTE
r-patched-linux-x86_64 1.0 1.60 18.42 20.02 NOTE
r-patched-solaris-sparc 1.0 235.80 NOTE
r-patched-solaris-x86 1.0 57.10 NOTE
r-release-linux-ix86 1.0 2.07 25.79 27.86 NOTE
r-release-linux-x86_64 1.0 1.61 18.62 20.23 NOTE
r-release-osx-x86_64-mavericks 1.0 NOTE
r-release-osx-x86_64-snowleopard 1.0 NOTE
r-release-windows-ix86+x86_64 1.0 5.00 30.00 35.00 NOTE
r-oldrel-windows-ix86+x86_64 1.0 5.00 34.00 39.00 NOTE

Check Details

Version: 1.0
Check: dependencies in R code
Result: NOTE
    Packages in Depends field not imported from:
     ‘XML’ ‘vegan’
     These packages need to be imported from (in the NAMESPACE file)
     for when this namespace is loaded but not attached.
    See the information on DESCRIPTION files in the chapter ‘Creating R
    packages’ of the ‘Writing R Extensions’ manual.
Flavors: r-devel-linux-x86_64-debian-clang, r-devel-linux-x86_64-debian-gcc, r-devel-linux-x86_64-fedora-clang, r-devel-linux-x86_64-fedora-gcc, r-devel-osx-x86_64-clang, r-devel-windows-ix86+x86_64, r-patched-linux-x86_64, r-patched-solaris-sparc, r-patched-solaris-x86, r-release-linux-ix86, r-release-linux-x86_64, r-release-osx-x86_64-mavericks, r-release-windows-ix86+x86_64, r-oldrel-windows-ix86+x86_64

Version: 1.0
Check: R code for possible problems
Result: NOTE
    agent_returnGridResolution: no visible global function definition for
     ‘xmlAttrs’
    agent_returnIVoxels: no visible global function definition for
     ‘xmlAttrs’
    agent_returnJVoxels: no visible global function definition for
     ‘xmlAttrs’
    agent_returnKVoxels: no visible global function definition for
     ‘xmlAttrs’
    agent_returnSimIteration: no visible global function definition for
     ‘xmlAttrs’
    agent_returnSimTime: no visible global function definition for
     ‘xmlAttrs’
    agent_returnSpeciesResultData: no visible global function definition
     for ‘xmlSize’
    agent_returnSpeciesResultData: no visible global function definition
     for ‘xmlAttrs’
    env_returnConcentrationAndRateChange: no visible global function
     definition for ‘xmlSize’
    env_returnConcentrationAndRateChange: no visible global function
     definition for ‘xmlName’
    env_returnConcentrationAndRateChange: no visible global function
     definition for ‘xmlAttrs’
    env_returnGlobalProductionRates: no visible global function definition
     for ‘xmlSize’
    env_returnGlobalProductionRates: no visible global function definition
     for ‘xmlAttrs’
    env_returnSimIteration: no visible global function definition for
     ‘xmlAttrs’
    env_returnSimTime: no visible global function definition for ‘xmlAttrs’
    env_returnSoluteGridIVoxels: no visible global function definition for
     ‘xmlAttrs’
    env_returnSoluteGridJVoxels: no visible global function definition for
     ‘xmlAttrs’
    env_returnSoluteGridKVoxels: no visible global function definition for
     ‘xmlAttrs’
    env_returnSoluteGridRes: no visible global function definition for
     ‘xmlAttrs’
    env_returnSpecifiedSoluteData: no visible global function definition
     for ‘xmlSize’
    env_soluteProductionRateOverTime: no visible global function definition
     for ‘xmlValue’
    readSimResultFile: no visible global function definition for
     ‘xmlTreeParse’
    readSimResultFile: no visible global function definition for ‘xmlRoot’
    simpsonIndex: no visible global function definition for ‘diversity’
Flavors: r-devel-linux-x86_64-debian-clang, r-devel-linux-x86_64-debian-gcc, r-devel-linux-x86_64-fedora-clang, r-devel-linux-x86_64-fedora-gcc, r-devel-osx-x86_64-clang, r-devel-windows-ix86+x86_64

Version: 1.0
Check: dependencies in R code
Result: NOTE
    Packages in Depends field not imported from:
     ‘XML’ ‘vegan’
     These packages need to be imported from for the case when
     this namespace is loaded but not attached.
    See the information on DESCRIPTION files in the chapter ‘Creating R
    packages’ of the ‘Writing R Extensions’ manual.
Flavor: r-release-osx-x86_64-snowleopard