Last updated on 2014-10-02 01:48:18.
Flavor | Version | Tinstall | Tcheck | Ttotal | Status | Flags |
---|---|---|---|---|---|---|
r-devel-linux-x86_64-debian-clang | 1.0.2 | 0.68 | 11.86 | 12.54 | NOTE | |
r-devel-linux-x86_64-debian-gcc | 1.0.2 | 0.66 | 11.76 | 12.42 | NOTE | |
r-devel-linux-x86_64-fedora-clang | 1.0.2 | 25.14 | NOTE | |||
r-devel-linux-x86_64-fedora-gcc | 1.0.2 | 23.17 | NOTE | |||
r-devel-osx-x86_64-clang | 1.0.2 | 25.56 | NOTE | |||
r-devel-windows-ix86+x86_64 | 1.0.2 | 3.00 | 19.00 | 22.00 | NOTE | |
r-patched-linux-x86_64 | 1.0.2 | 0.70 | 11.93 | 12.63 | NOTE | |
r-patched-solaris-sparc | 1.0.2 | 145.70 | NOTE | |||
r-patched-solaris-x86 | 1.0.2 | 37.00 | NOTE | |||
r-release-linux-ix86 | 1.0.2 | 0.99 | 17.88 | 18.87 | NOTE | |
r-release-linux-x86_64 | 1.0.2 | 0.69 | 12.04 | 12.74 | NOTE | |
r-release-osx-x86_64-mavericks | 1.0.2 | NOTE | ||||
r-release-osx-x86_64-snowleopard | 1.0.2 | NOTE | ||||
r-release-windows-ix86+x86_64 | 1.0.2 | 3.00 | 20.00 | 23.00 | NOTE | |
r-oldrel-windows-ix86+x86_64 | 1.0.2 | 3.00 | 21.00 | 24.00 | NOTE |
Version: 1.0.2
Check: R code for possible problems
Result: NOTE
print.summary.hotspots: warning in sort(x$data, dec = TRUE): partial
argument match of ‘dec’ to ‘decreasing’
print.summary.hotspots: warning in sort(x$disprop$positive, dec =
TRUE): partial argument match of ‘dec’ to ‘decreasing’
print.summary.hotspots: warning in sort(x$disprop$negative, dec =
TRUE): partial argument match of ‘dec’ to ‘decreasing’
Flavors: r-devel-linux-x86_64-debian-clang, r-devel-linux-x86_64-debian-gcc, r-devel-linux-x86_64-fedora-clang, r-devel-linux-x86_64-fedora-gcc, r-devel-osx-x86_64-clang, r-devel-windows-ix86+x86_64, r-patched-linux-x86_64, r-patched-solaris-sparc, r-patched-solaris-x86, r-release-linux-ix86, r-release-linux-x86_64, r-release-osx-x86_64-mavericks, r-release-osx-x86_64-snowleopard, r-release-windows-ix86+x86_64, r-oldrel-windows-ix86+x86_64
Version: 1.0.2
Check: Rd line widths
Result: NOTE
Rd file 'hotspots.Rd':
\usage lines wider than 90 characters:
outliers(x, p = 0.99, tail = "positive", distribution = "t", var.est = "mad", center.est = "mean")
These lines will be truncated in the PDF manual.
Flavors: r-devel-linux-x86_64-debian-clang, r-devel-linux-x86_64-debian-gcc, r-devel-linux-x86_64-fedora-clang, r-devel-linux-x86_64-fedora-gcc, r-patched-linux-x86_64, r-release-linux-x86_64