Last updated on 2014-10-02 01:48:18.
Flavor | Version | Tinstall | Tcheck | Ttotal | Status | Flags |
---|---|---|---|---|---|---|
r-devel-linux-x86_64-debian-clang | 1.0 | 1.40 | 8.38 | 9.78 | WARN | |
r-devel-linux-x86_64-debian-gcc | 1.0 | 1.64 | 8.12 | 9.76 | NOTE | |
r-devel-linux-x86_64-fedora-clang | 1.0 | 19.43 | WARN | |||
r-devel-linux-x86_64-fedora-gcc | 1.0 | 18.32 | NOTE | |||
r-devel-osx-x86_64-clang | 1.0 | 22.54 | WARN | |||
r-devel-windows-ix86+x86_64 | 1.0 | 12.00 | 18.00 | 30.00 | NOTE | |
r-patched-linux-x86_64 | 1.0 | 1.52 | 8.64 | 10.16 | NOTE | |
r-patched-solaris-sparc | 1.0 | 104.80 | OK | |||
r-patched-solaris-x86 | 1.0 | 31.00 | OK | |||
r-release-linux-ix86 | 1.0 | 2.62 | 13.64 | 16.26 | OK | |
r-release-linux-x86_64 | 1.0 | 1.53 | 8.42 | 9.95 | NOTE | |
r-release-osx-x86_64-mavericks | 1.0 | OK | ||||
r-release-windows-ix86+x86_64 | 1.0 | 12.00 | 17.00 | 29.00 | OK | |
r-oldrel-windows-ix86+x86_64 | 1.0 | 12.00 | 19.00 | 31.00 | OK |
Version: 1.0
Check: package namespace information
Result: NOTE
Namespace with empty importFrom: ‘utils’
Flavors: r-devel-linux-x86_64-debian-clang, r-devel-linux-x86_64-debian-gcc, r-devel-linux-x86_64-fedora-clang, r-devel-linux-x86_64-fedora-gcc, r-devel-osx-x86_64-clang, r-devel-windows-ix86+x86_64
Version: 1.0
Check: whether package can be installed
Result: WARN
Found the following significant warnings:
./City.h:82:23: warning: 'long long' is a C++11 extension [-Wc++11-long-long]
City.cpp:93:26: warning: 'long long' is a C++11 extension [-Wc++11-long-long]
City.cpp:94:26: warning: 'long long' is a C++11 extension [-Wc++11-long-long]
City.cpp:95:26: warning: 'long long' is a C++11 extension [-Wc++11-long-long]
City.cpp:96:26: warning: 'long long' is a C++11 extension [-Wc++11-long-long]
MurmurHash3.cpp:87:8: warning: 'long long' is a C++11 extension [-Wc++11-long-long]
MurmurHash3.cpp:89:8: warning: 'long long' is a C++11 extension [-Wc++11-long-long]
MurmurHash3.cpp:267:23: warning: 'long long' is a C++11 extension [-Wc++11-long-long]
MurmurHash3.cpp:268:23: warning: 'long long' is a C++11 extension [-Wc++11-long-long]
./Spooky.h:285:36: warning: 'long long' is a C++11 extension [-Wc++11-long-long]
Flavors: r-devel-linux-x86_64-debian-clang, r-devel-linux-x86_64-fedora-clang, r-devel-osx-x86_64-clang
Version: 1.0
Check: top-level files
Result: NOTE
Non-standard file/directory found at top level:
‘test’
Flavors: r-devel-linux-x86_64-debian-clang, r-devel-linux-x86_64-debian-gcc, r-devel-linux-x86_64-fedora-clang, r-devel-linux-x86_64-fedora-gcc, r-patched-linux-x86_64, r-release-linux-x86_64