Last updated on 2014-10-02 01:48:17.
Flavor | Version | Tinstall | Tcheck | Ttotal | Status | Flags |
---|---|---|---|---|---|---|
r-devel-linux-x86_64-debian-clang | 0.7 | 0.67 | 15.07 | 15.74 | NOTE | |
r-devel-linux-x86_64-debian-gcc | 0.7 | 0.67 | 14.66 | 15.32 | NOTE | |
r-devel-linux-x86_64-fedora-clang | 0.7 | 33.61 | NOTE | |||
r-devel-linux-x86_64-fedora-gcc | 0.7 | 30.64 | NOTE | |||
r-devel-osx-x86_64-clang | 0.7 | 32.19 | NOTE | |||
r-devel-windows-ix86+x86_64 | 0.7 | 2.00 | 24.00 | 26.00 | NOTE | |
r-patched-linux-x86_64 | 0.7 | 0.72 | 18.56 | 19.28 | OK | |
r-patched-solaris-sparc | 0.7 | 230.00 | OK | |||
r-patched-solaris-x86 | 0.7 | 56.30 | OK | |||
r-release-linux-ix86 | 0.7 | 0.96 | 25.92 | 26.88 | OK | |
r-release-linux-x86_64 | 0.7 | 0.67 | 18.51 | 19.18 | OK | |
r-release-osx-x86_64-mavericks | 0.7 | OK | ||||
r-release-osx-x86_64-snowleopard | 0.7 | OK | ||||
r-release-windows-ix86+x86_64 | 0.7 | 3.00 | 30.00 | 33.00 | OK | |
r-oldrel-windows-ix86+x86_64 | 0.7 | 2.00 | 31.00 | 33.00 | OK |
Version: 0.7
Check: R code for possible problems
Result: NOTE
mem.getcomp: no visible global function definition for ‘getME’
mem.getcomp: no visible global function definition for ‘fixef’
mem.getcomp: no visible global function definition for ‘ranef’
mem.plotran: no visible global function definition for ‘ranef’
Flavors: r-devel-linux-x86_64-debian-clang, r-devel-linux-x86_64-debian-gcc, r-devel-linux-x86_64-fedora-clang, r-devel-linux-x86_64-fedora-gcc, r-devel-osx-x86_64-clang, r-devel-windows-ix86+x86_64