Last updated on 2014-10-02 01:48:17.
Flavor | Version | Tinstall | Tcheck | Ttotal | Status | Flags |
---|---|---|---|---|---|---|
r-devel-linux-x86_64-debian-clang | 1.9-10 | 3.66 | 27.92 | 31.59 | OK | |
r-devel-linux-x86_64-debian-gcc | 1.9-10 | 4.21 | 27.22 | 31.42 | OK | |
r-devel-linux-x86_64-fedora-clang | 1.9-10 | 62.88 | OK | |||
r-devel-linux-x86_64-fedora-gcc | 1.9-10 | 60.30 | OK | |||
r-devel-osx-x86_64-clang | 1.9-10 | 61.88 | OK | |||
r-devel-windows-ix86+x86_64 | 1.9-10 | 37.00 | 46.00 | 83.00 | OK | |
r-patched-linux-x86_64 | 1.9-10 | 4.22 | 28.47 | 32.69 | OK | |
r-patched-solaris-sparc | 1.9-10 | 354.00 | OK | |||
r-patched-solaris-x86 | 1.9-10 | 77.10 | OK | |||
r-release-linux-ix86 | 1.9-10 | 6.38 | 37.48 | 43.86 | OK | |
r-release-linux-x86_64 | 1.9-10 | 4.29 | 28.19 | 32.48 | OK | |
r-release-osx-x86_64-mavericks | 1.9-10 | ERROR | ||||
r-release-osx-x86_64-snowleopard | 1.9-10 | OK | ||||
r-release-windows-ix86+x86_64 | 1.9-10 | 44.00 | 72.00 | 116.00 | OK | |
r-oldrel-windows-ix86+x86_64 | 1.9-10 | 35.00 | 53.00 | 88.00 | OK |
Version: 1.9-10
Check: whether package can be installed
Result: ERROR
Installation failed.
Flavor: r-release-osx-x86_64-mavericks