Last updated on 2014-10-02 01:48:17.
Flavor | Version | Tinstall | Tcheck | Ttotal | Status | Flags |
---|---|---|---|---|---|---|
r-devel-linux-x86_64-debian-clang | 0.96-2 | 1.75 | 29.85 | 31.60 | NOTE | |
r-devel-linux-x86_64-debian-gcc | 0.96-2 | 1.72 | 29.53 | 31.25 | NOTE | |
r-devel-linux-x86_64-fedora-clang | 0.96-2 | 65.74 | NOTE | |||
r-devel-linux-x86_64-fedora-gcc | 0.96-2 | 63.27 | NOTE | |||
r-devel-osx-x86_64-clang | 0.96-2 | 57.33 | NOTE | |||
r-devel-windows-ix86+x86_64 | 0.96-2 | 8.00 | 47.00 | 55.00 | NOTE | |
r-patched-linux-x86_64 | 0.96-2 | 1.80 | 32.25 | 34.05 | NOTE | |
r-patched-solaris-sparc | 0.96-2 | 372.30 | NOTE | |||
r-patched-solaris-x86 | 0.96-2 | 86.70 | NOTE | |||
r-release-linux-ix86 | 0.96-2 | 2.33 | 39.98 | 42.32 | NOTE | |
r-release-linux-x86_64 | 0.96-2 | 1.84 | 32.47 | 34.32 | NOTE | |
r-release-osx-x86_64-mavericks | 0.96-2 | NOTE | ||||
r-release-osx-x86_64-snowleopard | 0.96-2 | OK | ||||
r-release-windows-ix86+x86_64 | 0.96-2 | 6.00 | 53.00 | 59.00 | NOTE | |
r-oldrel-windows-ix86+x86_64 | 0.96-2 | 6.00 | 51.00 | 57.00 | NOTE |
Version: 0.96-2
Check: top-level files
Result: NOTE
Non-standard file/directory found at top level:
‘changeLog’
Flavors: r-devel-linux-x86_64-debian-clang, r-devel-linux-x86_64-debian-gcc, r-devel-linux-x86_64-fedora-clang, r-devel-linux-x86_64-fedora-gcc, r-patched-linux-x86_64, r-release-linux-x86_64
Version: 0.96-2
Check: dependencies in R code
Result: NOTE
Packages in Depends field not imported from:
‘grid’ ‘gsDesign’ ‘lattice’
These packages need to be imported from (in the NAMESPACE file)
for when this namespace is loaded but not attached.
See the information on DESCRIPTION files in the chapter ‘Creating R
packages’ of the ‘Writing R Extensions’ manual.
Flavors: r-devel-linux-x86_64-debian-clang, r-devel-linux-x86_64-debian-gcc, r-devel-linux-x86_64-fedora-clang, r-devel-linux-x86_64-fedora-gcc, r-devel-osx-x86_64-clang, r-devel-windows-ix86+x86_64, r-patched-linux-x86_64, r-patched-solaris-x86
Version: 0.96-2
Check: R code for possible problems
Result: NOTE
gsbCalcDif: no visible global function definition for ‘gsProbability’
plot.boundary : panel: no visible global function definition for
‘panel.grid’
plot.boundary : panel: no visible global function definition for
‘panel.xyplot’
plot.boundary: no visible global function definition for ‘xyplot’
plot.gsbMainOut: no visible global function definition for
‘trellis.par.get’
plot.gsbMainOut: no visible global function definition for
‘trellis.par.set’
plot.gsbSimArm.result : pan.function: no visible global function
definition for ‘current.panel.limits’
plot.gsbSimArm.result : pan.function: no visible global function
definition for ‘panel.levelplot’
plot.gsbSimArm.result : pan.function: no visible global function
definition for ‘grid.points’
plot.gsbSimArm.result: no visible global function definition for
‘levelplot’
plot.gsbSimArm.result: no visible global function definition for
‘contourplot’
plot.gsbSimArm.sliced: no visible global function definition for
‘trellis.par.get’
plot.gsbSimArm.sliced: no visible global function definition for
‘trellis.par.set’
plot.gsbSimArm.sliced : panel: no visible global function definition
for ‘panel.grid’
plot.gsbSimArm.sliced : panel: no visible global function definition
for ‘panel.xyplot’
plot.gsbSimArm.sliced: no visible global function definition for
‘xyplot’
plot.gsbSimDif.result : panel: no visible global function definition
for ‘panel.grid’
plot.gsbSimDif.result : panel: no visible global function definition
for ‘panel.xyplot’
plot.gsbSimDif.result: no visible global function definition for
‘xyplot’
Flavors: r-devel-linux-x86_64-debian-clang, r-devel-linux-x86_64-debian-gcc, r-devel-linux-x86_64-fedora-clang, r-devel-linux-x86_64-fedora-gcc, r-devel-osx-x86_64-clang, r-devel-windows-ix86+x86_64
Version: 0.96-2
Check: Rd line widths
Result: NOTE
Rd file 'plot.gsbMainOut.Rd':
\examples lines wider than 100 characters:
p1 <- qplot(delta,value,geom="blank",color=type,facets=.~stage,data=datgraph2, xlab=expression(delta))
These lines will be truncated in the PDF manual.
Flavors: r-devel-linux-x86_64-debian-clang, r-devel-linux-x86_64-debian-gcc, r-devel-linux-x86_64-fedora-clang, r-devel-linux-x86_64-fedora-gcc, r-patched-linux-x86_64, r-release-linux-x86_64
Version: 0.96-2
Check: dependencies in R code
Result: NOTE
Packages in Depends field not imported from:
‘gsDesign’ ‘lattice’
These packages need to be imported from (in the NAMESPACE file)
for when this namespace is loaded but not attached.
See the information on DESCRIPTION files in the chapter ‘Creating R
packages’ of the ‘Writing R Extensions’ manual.
Flavors: r-patched-solaris-sparc, r-release-linux-ix86, r-release-linux-x86_64, r-release-osx-x86_64-mavericks, r-release-windows-ix86+x86_64, r-oldrel-windows-ix86+x86_64