Last updated on 2014-10-02 01:48:17.
Flavor | Version | Tinstall | Tcheck | Ttotal | Status | Flags |
---|---|---|---|---|---|---|
r-devel-linux-x86_64-debian-clang | 0.9.1 | 0.80 | 15.18 | 15.98 | NOTE | |
r-devel-linux-x86_64-debian-gcc | 0.9.1 | 0.79 | 15.01 | 15.80 | NOTE | |
r-devel-linux-x86_64-fedora-clang | 0.9.1 | 32.82 | NOTE | |||
r-devel-linux-x86_64-fedora-gcc | 0.9.1 | 31.72 | NOTE | |||
r-devel-osx-x86_64-clang | 0.9.1 | 31.03 | NOTE | |||
r-devel-windows-ix86+x86_64 | 0.9.1 | 3.00 | 24.00 | 27.00 | NOTE | |
r-patched-linux-x86_64 | 0.9.1 | 0.82 | 17.45 | 18.26 | NOTE | |
r-patched-solaris-sparc | 0.9.1 | 206.70 | NOTE | |||
r-patched-solaris-x86 | 0.9.1 | 48.20 | NOTE | |||
r-release-linux-ix86 | 0.9.1 | 1.13 | 23.94 | 25.07 | NOTE | |
r-release-linux-x86_64 | 0.9.1 | 0.80 | 18.05 | 18.84 | NOTE | |
r-release-osx-x86_64-mavericks | 0.9.1 | NOTE | ||||
r-release-windows-ix86+x86_64 | 0.9.1 | 3.00 | 27.00 | 30.00 | NOTE | |
r-oldrel-windows-ix86+x86_64 | 0.9.1 | 3.00 | 27.00 | 30.00 | NOTE |
Version: 0.9.1
Check: dependencies in R code
Result: NOTE
Unexported object imported by a ':::' call: ‘lattice:::plot.trellis’
See the note in ?`:::` about the use of this operator.
See the information on DESCRIPTION files in the chapter ‘Creating R
packages’ of the ‘Writing R Extensions’ manual.
Flavors: r-devel-linux-x86_64-debian-clang, r-devel-linux-x86_64-debian-gcc, r-devel-linux-x86_64-fedora-clang, r-devel-linux-x86_64-fedora-gcc, r-devel-osx-x86_64-clang, r-devel-windows-ix86+x86_64, r-patched-linux-x86_64, r-patched-solaris-sparc, r-patched-solaris-x86, r-release-linux-ix86, r-release-linux-x86_64, r-release-osx-x86_64-mavericks, r-release-windows-ix86+x86_64, r-oldrel-windows-ix86+x86_64
Version: 0.9.1
Check: R code for possible problems
Result: NOTE
arrangeGrob: no visible global function definition for ‘ggplotGrob’
ebimageGrob: no visible global function definition for ‘imageGrob’
pixmapGrob: no visible global function definition for ‘imageGrob’
read.tiff: no visible global function definition for ‘pixmapRGB’
Flavors: r-devel-linux-x86_64-debian-clang, r-devel-linux-x86_64-debian-gcc, r-devel-linux-x86_64-fedora-clang, r-devel-linux-x86_64-fedora-gcc, r-devel-osx-x86_64-clang, r-devel-windows-ix86+x86_64
Version: 0.9.1
Check: Rd line widths
Result: NOTE
Rd file 'tableGrob.Rd':
\examples lines wider than 100 characters:
lg <- lapply(c("theme.blank", "theme.default", "theme.white", "theme.vertical", "theme.list", "theme.black"),
These lines will be truncated in the PDF manual.
Flavors: r-devel-linux-x86_64-debian-clang, r-devel-linux-x86_64-debian-gcc, r-devel-linux-x86_64-fedora-clang, r-devel-linux-x86_64-fedora-gcc, r-patched-linux-x86_64, r-release-linux-x86_64
Version: 0.9.1
Check: package dependencies
Result: NOTE
Package suggested but not available for checking: ‘EBImage’
Flavors: r-patched-solaris-sparc, r-patched-solaris-x86, r-release-osx-x86_64-mavericks