Last updated on 2014-10-02 01:48:17.
Flavor | Version | Tinstall | Tcheck | Ttotal | Status | Flags |
---|---|---|---|---|---|---|
r-devel-linux-x86_64-debian-clang | 0.4-0 | 2.17 | 26.31 | 28.48 | NOTE | |
r-devel-linux-x86_64-debian-gcc | 0.4-0 | 2.15 | 26.52 | 28.67 | NOTE | |
r-devel-linux-x86_64-fedora-clang | 0.4-0 | 65.58 | NOTE | |||
r-devel-linux-x86_64-fedora-gcc | 0.4-0 | 62.61 | NOTE | |||
r-devel-osx-x86_64-clang | 0.4-0 | 54.15 | NOTE | |||
r-devel-windows-ix86+x86_64 | 0.4-0 | 6.00 | 40.00 | 46.00 | NOTE | |
r-patched-linux-x86_64 | 0.4-0 | 2.24 | 28.38 | 30.62 | NOTE | |
r-patched-solaris-sparc | 0.4-0 | 368.60 | NOTE | |||
r-patched-solaris-x86 | 0.4-0 | 92.50 | NOTE | |||
r-release-linux-ix86 | 0.4-0 | 2.94 | 37.25 | 40.18 | NOTE | |
r-release-linux-x86_64 | 0.4-0 | 2.24 | 29.34 | 31.58 | NOTE | |
r-release-osx-x86_64-mavericks | 0.4-0 | NOTE | ||||
r-release-osx-x86_64-snowleopard | 0.4-0 | NOTE | ||||
r-release-windows-ix86+x86_64 | 0.4-0 | 7.00 | 45.00 | 52.00 | NOTE | |
r-oldrel-windows-ix86+x86_64 | 0.4-0 | 7.00 | 45.00 | 52.00 | NOTE |
Version: 0.4-0
Check: dependencies in R code
Result: NOTE
'library' or 'require' call to ‘gridSVG’ which was already attached by Depends.
Please remove these calls from your code.
Unexported object imported by a ':::' call: ‘grid:::splinegrob’
See the note in ?`:::` about the use of this operator.
See the information on DESCRIPTION files in the chapter ‘Creating R
packages’ of the ‘Writing R Extensions’ manual.
Flavors: r-devel-linux-x86_64-debian-clang, r-devel-linux-x86_64-debian-gcc, r-devel-linux-x86_64-fedora-clang, r-devel-linux-x86_64-fedora-gcc, r-devel-osx-x86_64-clang, r-devel-windows-ix86+x86_64, r-patched-linux-x86_64, r-patched-solaris-sparc, r-patched-solaris-x86, r-release-linux-ix86, r-release-linux-x86_64, r-release-osx-x86_64-mavericks, r-release-osx-x86_64-snowleopard, r-release-windows-ix86+x86_64, r-oldrel-windows-ix86+x86_64
Version: 0.4-0
Check: R code for possible problems
Result: NOTE
getObjectList: warning in grid.ls(view = TRUE, print = FALSE): partial
argument match of ‘view’ to ‘viewports’
makeRaGraph: no visible global function definition for ‘edges’
makeRaGraph: no visible global function definition for ‘edgeNames’
makeRaGraph: no visible global function definition for ‘agopen’
primToDev.edgegrob: no visible global function definition for ‘color’
primToDev.edgegrob: no visible global function definition for
‘pointList’
primToDev.edgegrob: no visible global function definition for ‘getX’
primToDev.edgegrob: no visible global function definition for ‘ep’
primToDev.edgegrob: no visible global function definition for ‘getY’
Flavors: r-devel-linux-x86_64-debian-clang, r-devel-linux-x86_64-debian-gcc, r-devel-linux-x86_64-fedora-clang, r-devel-linux-x86_64-fedora-gcc, r-devel-osx-x86_64-clang, r-devel-windows-ix86+x86_64
Version: 0.4-0
Check: R code for possible problems
Result: NOTE
getObjectList: warning in grid.ls(view = TRUE, print = FALSE): partial
argument match of ‘view’ to ‘viewports’
Flavors: r-patched-linux-x86_64, r-patched-solaris-sparc, r-patched-solaris-x86, r-release-linux-ix86, r-release-linux-x86_64, r-release-osx-x86_64-mavericks, r-release-osx-x86_64-snowleopard, r-release-windows-ix86+x86_64, r-oldrel-windows-ix86+x86_64