CRAN Package Check Results for Package greport

Last updated on 2014-10-02 01:48:17.

Flavor Version Tinstall Tcheck Ttotal Status Flags
r-devel-linux-x86_64-debian-clang 0.5-1 2.62 39.57 42.19 NOTE
r-devel-linux-x86_64-debian-gcc 0.5-1 2.58 39.49 42.07 NOTE
r-devel-linux-x86_64-fedora-clang 0.5-1 88.12 NOTE
r-devel-linux-x86_64-fedora-gcc 0.5-1 83.76 NOTE
r-devel-osx-x86_64-clang 0.5-1 76.08 NOTE
r-devel-windows-ix86+x86_64 0.5-1 11.00 63.00 74.00 NOTE
r-patched-linux-x86_64 0.5-1 2.71 41.05 43.76 NOTE
r-patched-solaris-sparc 0.5-1 430.90 NOTE
r-patched-solaris-x86 0.5-1 118.60 NOTE
r-release-linux-ix86 0.5-1 3.47 52.19 55.66 NOTE
r-release-linux-x86_64 0.5-1 2.78 42.77 45.54 NOTE
r-release-osx-x86_64-mavericks 0.5-1 NOTE
r-release-osx-x86_64-snowleopard 0.5-1 NOTE
r-release-windows-ix86+x86_64 0.5-1 14.00 70.00 84.00 NOTE
r-oldrel-windows-ix86+x86_64 0.5-1 13.00 75.00 88.00 NOTE

Check Details

Version: 0.5-1
Check: R code for possible problems
Result: NOTE
    accrualReport: multiple local function definitions for ā€˜gā€™ with
     different formal arguments
Flavors: r-devel-linux-x86_64-debian-clang, r-devel-linux-x86_64-debian-gcc, r-devel-linux-x86_64-fedora-clang, r-devel-linux-x86_64-fedora-gcc, r-devel-osx-x86_64-clang, r-devel-windows-ix86+x86_64, r-patched-linux-x86_64, r-patched-solaris-sparc, r-patched-solaris-x86, r-release-linux-ix86, r-release-linux-x86_64, r-release-osx-x86_64-mavericks, r-release-osx-x86_64-snowleopard, r-release-windows-ix86+x86_64, r-oldrel-windows-ix86+x86_64