Last updated on 2014-10-02 01:48:17.
Flavor | Version | Tinstall | Tcheck | Ttotal | Status | Flags |
---|---|---|---|---|---|---|
r-devel-linux-x86_64-debian-clang | 0.7-2 | 1.56 | 25.52 | 27.09 | OK | |
r-devel-linux-x86_64-debian-gcc | 0.7-2 | 1.60 | 25.70 | 27.30 | OK | |
r-devel-linux-x86_64-fedora-clang | 0.7-2 | 55.02 | OK | |||
r-devel-linux-x86_64-fedora-gcc | 0.7-2 | 53.86 | OK | |||
r-devel-osx-x86_64-clang | 0.7-2 | 54.55 | OK | |||
r-devel-windows-ix86+x86_64 | 0.7-2 | 7.00 | 48.00 | 55.00 | OK | |
r-patched-linux-x86_64 | 0.7-2 | 1.70 | 26.14 | 27.84 | OK | |
r-patched-solaris-sparc | 0.7-2 | 320.40 | OK | |||
r-patched-solaris-x86 | 0.7-2 | 72.80 | OK | |||
r-release-linux-ix86 | 0.7-2 | 2.22 | 34.98 | 37.21 | OK | |
r-release-linux-x86_64 | 0.7-2 | 1.75 | 26.87 | 28.62 | OK | |
r-release-osx-x86_64-mavericks | 0.7-2 | NOTE | ||||
r-release-osx-x86_64-snowleopard | 0.7-2 | OK | ||||
r-release-windows-ix86+x86_64 | 0.7-2 | 8.00 | 52.00 | 60.00 | OK | |
r-oldrel-windows-ix86+x86_64 | 0.7-2 | 8.00 | 55.00 | 63.00 | OK |
Version: 0.7-2
Check: re-building of vignette outputs
Result: NOTE
Error in re-building vignettes:
...
Loading required package: car
Loading required package: lmtest
Loading required package: zoo
Attaching package: ‘zoo’
The following objects are masked from ‘package:base’:
as.Date, as.Date.numeric
Loading required package: sandwich
Loading required package: survival
Loading required package: splines
Error in texi2dvi(file = file, pdf = TRUE, clean = clean, quiet = quiet, :
Running 'texi2dvi' on 'gplm-examples.tex' failed.
LaTeX errors:
! LaTeX Error: File `comment.sty' not found.
Type X to quit or <RETURN> to proceed,
or enter new name. (Default extension: sty)
st/gplm/vignettes/gplm-examples.tex:21: ==> Fatal error occurred, no output PD
F file produced!
Calls: buildVignettes -> texi2pdf -> texi2dvi
Execution halted
Flavor: r-release-osx-x86_64-mavericks