Last updated on 2014-10-02 01:48:17.
Flavor | Version | Tinstall | Tcheck | Ttotal | Status | Flags |
---|---|---|---|---|---|---|
r-devel-linux-x86_64-debian-clang | 0.7-2 | 3.26 | 36.02 | 39.28 | NOTE | |
r-devel-linux-x86_64-debian-gcc | 0.7-2 | 3.31 | 35.52 | 38.83 | NOTE | |
r-devel-linux-x86_64-fedora-clang | 0.7-2 | 88.94 | NOTE | |||
r-devel-linux-x86_64-fedora-gcc | 0.7-2 | 82.78 | NOTE | |||
r-devel-osx-x86_64-clang | 0.7-2 | 70.71 | NOTE | |||
r-devel-windows-ix86+x86_64 | 0.7-2 | 10.00 | 57.00 | 67.00 | NOTE | |
r-patched-linux-x86_64 | 0.7-2 | 3.49 | 40.01 | 43.50 | NOTE | |
r-patched-solaris-sparc | 0.7-2 | 508.60 | NOTE | |||
r-patched-solaris-x86 | 0.7-2 | 112.40 | NOTE | |||
r-release-linux-ix86 | 0.7-2 | 4.32 | 47.04 | 51.36 | NOTE | |
r-release-linux-x86_64 | 0.7-2 | 4.82 | 38.62 | 43.44 | NOTE | |
r-release-osx-x86_64-mavericks | 0.7-2 | NOTE | ||||
r-release-osx-x86_64-snowleopard | 0.7-2 | ERROR | ||||
r-release-windows-ix86+x86_64 | 0.7-2 | 10.00 | 58.00 | 68.00 | NOTE | |
r-oldrel-windows-ix86+x86_64 | 0.7-2 | 11.00 | 52.00 | 63.00 | NOTE |
Version: 0.7-2
Check: dependencies in R code
Result: NOTE
Packages in Depends field not imported from:
‘fGarch’ ‘fastICA’
These packages need to be imported from (in the NAMESPACE file)
for when this namespace is loaded but not attached.
See the information on DESCRIPTION files in the chapter ‘Creating R
packages’ of the ‘Writing R Extensions’ manual.
Flavors: r-devel-linux-x86_64-debian-clang, r-devel-linux-x86_64-debian-gcc, r-devel-linux-x86_64-fedora-clang, r-devel-linux-x86_64-fedora-gcc, r-devel-osx-x86_64-clang, r-devel-windows-ix86+x86_64, r-patched-linux-x86_64, r-patched-solaris-sparc, r-patched-solaris-x86, r-release-linux-ix86, r-release-linux-x86_64, r-release-osx-x86_64-mavericks, r-release-windows-ix86+x86_64, r-oldrel-windows-ix86+x86_64
Version: 0.7-2
Check: whether package can be installed
Result: ERROR
Installation failed.
Flavor: r-release-osx-x86_64-snowleopard