Last updated on 2014-10-02 01:48:17.
Flavor | Version | Tinstall | Tcheck | Ttotal | Status | Flags |
---|---|---|---|---|---|---|
r-devel-linux-x86_64-debian-clang | 0.5-12 | 8.29 | 18.14 | 26.43 | NOTE | |
r-devel-linux-x86_64-debian-gcc | 0.5-12 | 12.52 | 18.14 | 30.66 | NOTE | |
r-devel-linux-x86_64-fedora-clang | 0.5-12 | 58.97 | NOTE | |||
r-devel-linux-x86_64-fedora-gcc | 0.5-12 | 57.79 | NOTE | |||
r-devel-osx-x86_64-clang | 0.5-12 | 53.23 | OK | |||
r-devel-windows-ix86+x86_64 | 0.5-12 | 40.00 | 43.00 | 83.00 | OK | |
r-patched-linux-x86_64 | 0.5-12 | 12.51 | 19.78 | 32.28 | NOTE | |
r-patched-solaris-sparc | 0.5-12 | 374.40 | OK | |||
r-patched-solaris-x86 | 0.5-12 | 82.90 | OK | |||
r-release-linux-ix86 | 0.5-12 | 17.92 | 27.31 | 45.24 | OK | |
r-release-linux-x86_64 | 0.5-12 | 12.62 | 19.34 | 31.96 | NOTE | |
r-release-osx-x86_64-mavericks | 0.5-12 | OK | ||||
r-release-osx-x86_64-snowleopard | 0.5-12 | OK | ||||
r-release-windows-ix86+x86_64 | 0.5-12 | 45.00 | 44.00 | 89.00 | OK | |
r-oldrel-windows-ix86+x86_64 | 0.5-12 | 45.00 | 50.00 | 95.00 | OK |
Version: 0.5-12
Check: top-level files
Result: NOTE
Non-standard file/directory found at top level:
‘Done’
Flavors: r-devel-linux-x86_64-debian-clang, r-devel-linux-x86_64-debian-gcc, r-devel-linux-x86_64-fedora-clang, r-devel-linux-x86_64-fedora-gcc, r-patched-linux-x86_64, r-release-linux-x86_64