Last updated on 2014-10-02 01:48:17.
Flavor | Version | Tinstall | Tcheck | Ttotal | Status | Flags |
---|---|---|---|---|---|---|
r-devel-linux-x86_64-debian-clang | 1.9-8 | 18.57 | 56.74 | 75.32 | NOTE | |
r-devel-linux-x86_64-debian-gcc | 1.9-8 | 19.48 | 55.20 | 74.68 | NOTE | |
r-devel-linux-x86_64-fedora-clang | 1.9-8 | 161.26 | NOTE | |||
r-devel-linux-x86_64-fedora-gcc | 1.9-8 | 156.87 | NOTE | |||
r-devel-osx-x86_64-clang | 1.9-8 | 128.77 | NOTE | |||
r-devel-windows-ix86+x86_64 | 1.9-8 | 36.00 | 106.00 | 142.00 | NOTE | |
r-patched-linux-x86_64 | 1.9-8 | 18.96 | 59.76 | 78.71 | OK | |
r-patched-solaris-sparc | 1.9-8 | 1148.50 | OK | |||
r-patched-solaris-x86 | 1.9-8 | 210.10 | OK | |||
r-release-linux-ix86 | 1.9-8 | 26.26 | 73.48 | 99.73 | OK | |
r-release-linux-x86_64 | 1.9-8 | 18.91 | 58.78 | 77.68 | OK | |
r-release-osx-x86_64-mavericks | 1.9-8 | WARN | ||||
r-release-osx-x86_64-snowleopard | 1.9-8 | OK | ||||
r-release-windows-ix86+x86_64 | 1.9-8 | 38.00 | 110.00 | 148.00 | OK | |
r-oldrel-windows-ix86+x86_64 | 1.9-8 | 35.00 | 111.00 | 146.00 | OK |
Version: 1.9-8
Check: R code for possible problems
Result: NOTE
cv.glmnet: no visible global function definition for ‘%dopar%’
cv.glmnet: no visible global function definition for ‘foreach’
Flavors: r-devel-linux-x86_64-debian-clang, r-devel-linux-x86_64-debian-gcc, r-devel-linux-x86_64-fedora-clang, r-devel-linux-x86_64-fedora-gcc, r-devel-osx-x86_64-clang, r-devel-windows-ix86+x86_64
Version: 1.9-8
Check: whether package can be installed
Result: WARN
Found the following significant warnings:
glmnet5.f90:2519:0: warning: control reaches end of non-void function [-Wreturn-type]
glmnet5.f90:6130:0: warning: ‘__result_master.1.bnorm’ is used uninitialized in this function [-Wuninitialized]
glmnet5.f90:6126:0: warning: ‘__result_master.1.bnorm’ is used uninitialized in this function [-Wuninitialized]
Flavor: r-release-osx-x86_64-mavericks