Last updated on 2014-10-02 01:48:17.
Flavor | Version | Tinstall | Tcheck | Ttotal | Status | Flags |
---|---|---|---|---|---|---|
r-devel-linux-x86_64-debian-clang | 1.0.4 | 3.02 | 43.55 | 46.57 | OK | |
r-devel-linux-x86_64-debian-gcc | 1.0.4 | 2.95 | 43.05 | 46.00 | OK | |
r-devel-linux-x86_64-fedora-clang | 1.0.4 | 96.43 | OK | |||
r-devel-linux-x86_64-fedora-gcc | 1.0.4 | 90.78 | OK | |||
r-devel-osx-x86_64-clang | 1.0.4 | 83.36 | OK | |||
r-devel-windows-ix86+x86_64 | 1.0.4 | 9.00 | 67.00 | 76.00 | OK | |
r-patched-linux-x86_64 | 1.0.4 | 3.08 | 44.90 | 47.98 | OK | |
r-release-linux-ix86 | 1.0.4 | 3.96 | 63.03 | 66.99 | OK | |
r-release-linux-x86_64 | 1.0.4 | 3.20 | 45.24 | 48.43 | OK | |
r-release-osx-x86_64-mavericks | 1.0.4 | ERROR | ||||
r-release-osx-x86_64-snowleopard | 1.0.4 | OK | ||||
r-release-windows-ix86+x86_64 | 1.0.4 | 12.00 | 75.00 | 87.00 | OK | |
r-oldrel-windows-ix86+x86_64 | 1.0.4 | 12.00 | 72.00 | 84.00 | OK |
Version: 1.0.4
Check: package dependencies
Result: ERROR
Packages required but not available: ‘tiff’ ‘EBImage’
See the information on DESCRIPTION files in the chapter ‘Creating R
packages’ of the ‘Writing R Extensions’ manual.
Flavor: r-release-osx-x86_64-mavericks