CRAN Package Check Results for Package geosphere

Last updated on 2014-10-02 01:48:17.

Flavor Version Tinstall Tcheck Ttotal Status Flags
r-devel-linux-x86_64-debian-clang 1.3-11 1.46 30.16 31.62 OK
r-devel-linux-x86_64-debian-gcc 1.3-11 1.49 29.72 31.21 OK
r-devel-linux-x86_64-fedora-clang 1.3-11 68.55 OK
r-devel-linux-x86_64-fedora-gcc 1.3-11 63.70 OK
r-devel-osx-x86_64-clang 1.3-11 60.48 OK
r-devel-windows-ix86+x86_64 1.3-11 5.00 45.00 50.00 OK
r-patched-linux-x86_64 1.3-11 1.50 32.02 33.52 OK
r-patched-solaris-sparc 1.3-11 349.40 OK
r-patched-solaris-x86 1.3-11 90.10 OK
r-release-linux-ix86 1.3-11 2.21 41.84 44.05 OK
r-release-linux-x86_64 1.3-11 1.63 32.15 33.78 OK
r-release-osx-x86_64-mavericks 1.3-11 NOTE
r-release-osx-x86_64-snowleopard 1.3-11 OK
r-release-windows-ix86+x86_64 1.3-11 5.00 50.00 55.00 OK
r-oldrel-windows-ix86+x86_64 1.3-11 5.00 46.00 51.00 OK

Check Details

Version: 1.3-11
Check: re-building of vignette outputs
Result: NOTE
    Error in re-building vignettes:
     ...
    Loading required package: sp
    Loading required package: raster
    Error in texi2dvi(file = file, pdf = TRUE, clean = clean, quiet = quiet, :
     Running 'texi2dvi' on 'geosphere.tex' failed.
    LaTeX errors:
    ! LaTeX Error: File `hanging.sty' not found.
    
    Type X to quit or <RETURN> to proceed,
    or enter new name. (Default extension: sty)
    
    gn_test/geosphere/vignettes/geosphere.tex:10: ==> Fatal error occurred, no out
    put PDF file produced!
    Calls: buildVignettes -> texi2pdf -> texi2dvi
    Execution halted
Flavor: r-release-osx-x86_64-mavericks