Last updated on 2014-10-02 01:48:17.
Flavor | Version | Tinstall | Tcheck | Ttotal | Status | Flags |
---|---|---|---|---|---|---|
r-devel-linux-x86_64-debian-clang | 1.131209 | 35.40 | 19.86 | 55.26 | NOTE | |
r-devel-linux-x86_64-debian-gcc | 1.131209 | 35.86 | 19.48 | 55.34 | NOTE | |
r-devel-linux-x86_64-fedora-clang | 1.131209 | 119.98 | NOTE | |||
r-devel-linux-x86_64-fedora-gcc | 1.131209 | 104.28 | NOTE | |||
r-devel-osx-x86_64-clang | 1.131209 | 121.02 | NOTE | |||
r-devel-windows-ix86+x86_64 | 1.131209 | 94.00 | 43.00 | 137.00 | NOTE | |
r-patched-linux-x86_64 | 1.131209 | 35.93 | 23.98 | 59.91 | NOTE | |
r-patched-solaris-sparc | 1.131209 | 666.90 | NOTE | |||
r-patched-solaris-x86 | 1.131209 | 148.10 | NOTE | |||
r-release-linux-ix86 | 1.131209 | 44.21 | 30.10 | 74.31 | NOTE | |
r-release-linux-x86_64 | 1.131209 | 35.91 | 23.20 | 59.11 | NOTE | |
r-release-osx-x86_64-mavericks | 1.131209 | ERROR | ||||
r-release-osx-x86_64-snowleopard | 1.131209 | NOTE | ||||
r-release-windows-ix86+x86_64 | 1.131209 | 90.00 | 48.00 | 138.00 | NOTE | |
r-oldrel-windows-ix86+x86_64 | 1.131209 | 95.00 | 52.00 | 147.00 | NOTE |
Version: 1.131209
Check: installed package size
Result: NOTE
installed size is 8.1Mb
sub-directories of 1Mb or more:
data 2.8Mb
libs 4.6Mb
Flavors: r-devel-linux-x86_64-debian-clang, r-devel-linux-x86_64-debian-gcc, r-devel-linux-x86_64-fedora-clang, r-devel-linux-x86_64-fedora-gcc, r-devel-windows-ix86+x86_64, r-patched-linux-x86_64, r-patched-solaris-sparc, r-patched-solaris-x86, r-release-linux-ix86, r-release-linux-x86_64, r-release-osx-x86_64-snowleopard, r-release-windows-ix86+x86_64, r-oldrel-windows-ix86+x86_64
Version: 1.131209
Check: dependencies in R code
Result: NOTE
Packages in Depends field not imported from:
‘Rcpp’ ‘RcppArmadillo’
These packages need to be imported from (in the NAMESPACE file)
for when this namespace is loaded but not attached.
See the information on DESCRIPTION files in the chapter ‘Creating R
packages’ of the ‘Writing R Extensions’ manual.
Flavors: r-devel-linux-x86_64-debian-clang, r-devel-linux-x86_64-debian-gcc, r-devel-linux-x86_64-fedora-clang, r-devel-linux-x86_64-fedora-gcc, r-devel-osx-x86_64-clang, r-devel-windows-ix86+x86_64, r-patched-linux-x86_64, r-patched-solaris-sparc, r-patched-solaris-x86, r-release-linux-ix86, r-release-linux-x86_64, r-release-windows-ix86+x86_64, r-oldrel-windows-ix86+x86_64
Version: 1.131209
Check: R code for possible problems
Result: NOTE
baseline.dist: no visible global function definition for
‘HellingerDist’
baseline.dist: no visible global function definition for ‘Norm’
baseline.dist: no visible global function definition for
‘KolmogorovDist’
e2dist: no visible global function definition for ‘HellingerDist’
e2dist: no visible global function definition for ‘Norm’
e2dist: no visible global function definition for ‘KolmogorovDist’
plot_etran: no visible global function definition for ‘reldist’
predY: no visible global function definition for ‘sfInit’
predY: no visible global function definition for ‘sfExportAll’
predY: no visible global function definition for ‘sfLibrary’
predY: no visible global function definition for ‘sfClusterSetupRNG’
predY: no visible global function definition for ‘sfLapply’
predY: no visible global function definition for ‘sfStop’
runMCMC.sf: no visible global function definition for ‘sfInit’
runMCMC.sf: no visible global function definition for ‘sfExportAll’
runMCMC.sf: no visible global function definition for ‘sfLibrary’
runMCMC.sf: no visible global function definition for
‘sfClusterSetupRNG’
runMCMC.sf: no visible global function definition for ‘sfLapply’
runMCMC.sf: no visible global function definition for ‘sfStop’
Flavors: r-devel-linux-x86_64-debian-clang, r-devel-linux-x86_64-debian-gcc, r-devel-linux-x86_64-fedora-clang, r-devel-linux-x86_64-fedora-gcc, r-devel-osx-x86_64-clang, r-devel-windows-ix86+x86_64
Version: 1.131209
Check: whether package can be installed
Result: ERROR
Installation failed.
Flavor: r-release-osx-x86_64-mavericks