Last updated on 2014-10-02 01:48:16.
Flavor | Version | Tinstall | Tcheck | Ttotal | Status | Flags |
---|---|---|---|---|---|---|
r-devel-linux-x86_64-debian-clang | 4.13-18 | 3.60 | 11.62 | 15.22 | NOTE | |
r-devel-linux-x86_64-debian-gcc | 4.13-18 | 2.28 | 11.19 | 13.47 | NOTE | |
r-devel-linux-x86_64-fedora-clang | 4.13-18 | 31.38 | NOTE | |||
r-devel-linux-x86_64-fedora-gcc | 4.13-18 | 25.30 | NOTE | |||
r-devel-osx-x86_64-clang | 4.13-18 | 30.26 | OK | |||
r-devel-windows-ix86+x86_64 | 4.13-18 | 9.00 | 26.00 | 35.00 | OK | |
r-patched-linux-x86_64 | 4.13-18 | 2.30 | 11.78 | 14.08 | NOTE | |
r-patched-solaris-sparc | 4.13-18 | 178.20 | OK | |||
r-patched-solaris-x86 | 4.13-18 | 42.40 | OK | |||
r-release-linux-ix86 | 4.13-18 | 2.46 | 18.70 | 21.15 | OK | |
r-release-linux-x86_64 | 4.13-18 | 2.26 | 11.25 | 13.51 | NOTE | |
r-release-osx-x86_64-mavericks | 4.13-18 | OK | ||||
r-release-windows-ix86+x86_64 | 4.13-18 | 8.00 | 23.00 | 31.00 | OK | |
r-oldrel-windows-ix86+x86_64 | 4.13-18 | 8.00 | 25.00 | 33.00 | OK |
Version: 4.13-18
Check: top-level files
Result: NOTE
Non-standard files/directories found at top level:
‘README.too’ ‘blurb’
Flavors: r-devel-linux-x86_64-debian-clang, r-devel-linux-x86_64-debian-gcc, r-devel-linux-x86_64-fedora-clang, r-devel-linux-x86_64-fedora-gcc, r-patched-linux-x86_64, r-release-linux-x86_64