Last updated on 2014-10-02 01:48:16.
Flavor | Version | Tinstall | Tcheck | Ttotal | Status | Flags |
---|---|---|---|---|---|---|
r-devel-linux-x86_64-debian-clang | 2.1 | 8.33 | 24.81 | 33.14 | NOTE | |
r-devel-linux-x86_64-debian-gcc | 2.1 | 8.89 | 24.14 | 33.03 | NOTE | |
r-devel-linux-x86_64-fedora-clang | 2.1 | 72.57 | NOTE | |||
r-devel-linux-x86_64-fedora-gcc | 2.1 | 61.74 | NOTE | |||
r-devel-osx-x86_64-clang | 2.1 | 55.24 | NOTE | |||
r-devel-windows-ix86+x86_64 | 2.1 | 43.00 | 52.00 | 95.00 | NOTE | |
r-patched-linux-x86_64 | 2.1 | 9.04 | 25.67 | 34.71 | NOTE | |
r-patched-solaris-sparc | 2.1 | 372.20 | NOTE | |||
r-patched-solaris-x86 | 2.1 | 86.50 | NOTE | |||
r-release-linux-ix86 | 2.1 | 12.55 | 34.46 | 47.01 | OK | |
r-release-linux-x86_64 | 2.1 | 9.04 | 25.92 | 34.96 | OK | |
r-release-osx-x86_64-mavericks | 2.1 | OK | ||||
r-release-windows-ix86+x86_64 | 2.1 | 46.00 | 56.00 | 102.00 | OK | |
r-oldrel-windows-ix86+x86_64 | 2.1 | 47.00 | 57.00 | 104.00 | OK |
Version: 2.1
Check: dependencies in R code
Result: NOTE
Package in Depends field not imported from: ‘parallel’
These packages need to be imported from (in the NAMESPACE file)
for when this namespace is loaded but not attached.
See the information on DESCRIPTION files in the chapter ‘Creating R
packages’ of the ‘Writing R Extensions’ manual.
Flavors: r-devel-linux-x86_64-debian-clang, r-devel-linux-x86_64-debian-gcc, r-devel-linux-x86_64-fedora-clang, r-devel-linux-x86_64-fedora-gcc, r-devel-osx-x86_64-clang, r-devel-windows-ix86+x86_64, r-patched-linux-x86_64, r-patched-solaris-sparc, r-patched-solaris-x86
Version: 2.1
Check: R code for possible problems
Result: NOTE
gbmCluster: no visible global function definition for ‘detectCores’
gbmCluster: no visible global function definition for ‘makeCluster’
gbmCrossValModelBuild: no visible global function definition for
‘stopCluster’
gbmCrossValModelBuild: no visible global function definition for
‘parLapply’
test.gbm: no visible global function definition for ‘checkTrue’
test.relative.influence: no visible global function definition for
‘checkEqualsNumeric’
validate.gbm: no visible global function definition for
‘defineTestSuite’
validate.gbm: no visible global function definition for ‘runTestSuite’
Flavors: r-devel-linux-x86_64-debian-clang, r-devel-linux-x86_64-debian-gcc, r-devel-linux-x86_64-fedora-clang, r-devel-linux-x86_64-fedora-gcc, r-devel-osx-x86_64-clang, r-devel-windows-ix86+x86_64