CRAN Package Check Results for Package gap

Last updated on 2014-10-02 01:48:16.

Flavor Version Tinstall Tcheck Ttotal Status Flags
r-devel-linux-x86_64-debian-clang 1.1-12 8.29 69.20 77.50 NOTE
r-devel-linux-x86_64-debian-gcc 1.1-12 9.83 67.66 77.50 NOTE
r-devel-linux-x86_64-fedora-clang 1.1-12 168.85 NOTE
r-devel-linux-x86_64-fedora-gcc 1.1-12 160.19 NOTE
r-devel-osx-x86_64-clang 1.1-12 142.00 NOTE
r-devel-windows-ix86+x86_64 1.1-12 36.00 88.00 124.00 NOTE
r-patched-linux-x86_64 1.1-12 9.96 78.04 87.99 NOTE
r-patched-solaris-sparc 1.1-12 854.20 NOTE
r-patched-solaris-x86 1.1-12 220.30 NOTE
r-release-linux-ix86 1.1-12 12.88 89.40 102.28 NOTE
r-release-linux-x86_64 1.1-12 9.96 74.81 84.77 NOTE
r-release-osx-x86_64-mavericks 1.1-12 NOTE
r-release-osx-x86_64-snowleopard 1.1-12 NOTE
r-release-windows-ix86+x86_64 1.1-12 36.00 107.00 143.00 NOTE
r-oldrel-windows-ix86+x86_64 1.1-12 37.00 106.00 143.00 NOTE

Check Details

Version: 1.1-12
Check: installed package size
Result: NOTE
     installed size is 9.1Mb
     sub-directories of 1Mb or more:
     data 3.7Mb
     doc 1.6Mb
     tests 2.8Mb
Flavors: r-devel-linux-x86_64-debian-clang, r-devel-linux-x86_64-debian-gcc, r-devel-linux-x86_64-fedora-clang, r-devel-linux-x86_64-fedora-gcc, r-devel-osx-x86_64-clang, r-devel-windows-ix86+x86_64, r-patched-linux-x86_64, r-patched-solaris-sparc, r-patched-solaris-x86, r-release-linux-ix86, r-release-linux-x86_64, r-release-osx-x86_64-mavericks, r-release-osx-x86_64-snowleopard, r-release-windows-ix86+x86_64, r-oldrel-windows-ix86+x86_64

Version: 1.1-12
Check: compiled code
Result: NOTE
    File ‘gap/libs/gap.so’:
     Found ‘rand’, possibly from ‘rand’ (C)
     Objects: ‘hap.o’, ‘hwe.hardy.o’
     Found ‘srand’, possibly from ‘srand’ (C)
     Object: ‘hwe.hardy.o’
    
    Compiled code should not call entry points which might terminate R nor
    write to stdout/stderr instead of to the console, nor the C RNG.
    
    See ‘Writing portable packages’ in the ‘Writing R Extensions’ manual.
Flavors: r-devel-linux-x86_64-debian-clang, r-devel-linux-x86_64-fedora-clang

Version: 1.1-12
Check: compiled code
Result: NOTE
    File ‘gap/libs/gap.so’:
     Found ‘rand’, possibly from ‘rand’ (C)
     Objects: ‘hap.o’, ‘hwe.hardy.o’
     Found ‘srand’, possibly from ‘srand’ (C)
     Objects: ‘hap.o’, ‘hwe.hardy.o’
    
    Compiled code should not call entry points which might terminate R nor
    write to stdout/stderr instead of to the console, nor the C RNG.
    
    See ‘Writing portable packages’ in the ‘Writing R Extensions’ manual.
Flavors: r-devel-linux-x86_64-debian-gcc, r-devel-linux-x86_64-fedora-gcc

Version: 1.1-12
Check: compiled code
Result: NOTE
    File ‘gap/libs/gap.so’:
     Found ‘_rand’, possibly from ‘rand’ (C)
     Objects: ‘hap.o’, ‘hwe.hardy.o’
     Found ‘_srand’, possibly from ‘srand’ (C)
     Object: ‘hwe.hardy.o’
    
    Compiled code should not call entry points which might terminate R nor
    write to stdout/stderr instead of to the console, nor the C RNG.
    
    See ‘Writing portable packages’ in the ‘Writing R Extensions’ manual.
Flavor: r-devel-osx-x86_64-clang

Version: 1.1-12
Check: compiled code
Result: NOTE
    File 'gap/libs/i386/gap.dll':
     Found 'rand', possibly from 'rand' (C)
     Objects: 'hap.o', 'hwe.hardy.o'
     Found 'srand', possibly from 'srand' (C)
     Objects: 'hap.o', 'hwe.hardy.o'
    File 'gap/libs/x64/gap.dll':
     Found 'rand', possibly from 'rand' (C)
     Objects: 'hap.o', 'hwe.hardy.o'
     Found 'srand', possibly from 'srand' (C)
     Objects: 'hap.o', 'hwe.hardy.o'
    
    Compiled code should not call entry points which might terminate R nor
    write to stdout/stderr instead of to the console, nor the C RNG.
    
    See 'Writing portable packages' in the 'Writing R Extensions' manual.
Flavor: r-devel-windows-ix86+x86_64

Version: 1.1-12
Check: re-building of vignette outputs
Result: NOTE
    Error in re-building vignettes:
     ...
    gap version 1.1-12
    Loading required package: Matrix
    Loading required package: quadprog
    Loading required package: HaploSim
    Loading required package: reshape
    
    Attaching package: ‘reshape’
    
    The following object is masked from ‘package:Matrix’:
    
     expand
    
    Loading required package: grid
    Error in texi2dvi(file = file, pdf = TRUE, clean = clean, quiet = quiet, :
     Running 'texi2dvi' on 'gap.tex' failed.
    LaTeX errors:
    ! LaTeX Error: File `a4wide.sty' not found.
    
    Type X to quit or <RETURN> to proceed,
    or enter new name. (Default extension: sty)
    
    t/gap/vignettes/gap.tex:9: ==> Fatal error occurred, no output PDF file produc
    ed!
    Calls: buildVignettes -> texi2pdf -> texi2dvi
    Execution halted
Flavor: r-release-osx-x86_64-mavericks