Last updated on 2014-10-02 01:48:16.
Flavor | Version | Tinstall | Tcheck | Ttotal | Status | Flags |
---|---|---|---|---|---|---|
r-devel-linux-x86_64-debian-clang | 4.3-0 | 3.79 | 55.76 | 59.55 | NOTE | |
r-devel-linux-x86_64-debian-gcc | 4.3-0 | 3.73 | 54.91 | 58.64 | NOTE | |
r-devel-linux-x86_64-fedora-clang | 4.3-0 | 139.83 | NOTE | |||
r-devel-linux-x86_64-fedora-gcc | 4.3-0 | 136.09 | NOTE | |||
r-devel-osx-x86_64-clang | 4.3-0 | 104.88 | NOTE | |||
r-devel-windows-ix86+x86_64 | 4.3-0 | 11.00 | 78.00 | 89.00 | NOTE | |
r-patched-linux-x86_64 | 4.3-0 | 3.96 | 58.56 | 62.52 | OK | |
r-patched-solaris-sparc | 4.3-0 | 787.50 | OK | |||
r-patched-solaris-x86 | 4.3-0 | 182.90 | OK | |||
r-release-linux-ix86 | 4.3-0 | 4.84 | 71.12 | 75.96 | OK | |
r-release-linux-x86_64 | 4.3-0 | 4.20 | 58.43 | 62.63 | OK | |
r-release-osx-x86_64-mavericks | 4.3-0 | OK | ||||
r-release-osx-x86_64-snowleopard | 4.3-0 | OK | ||||
r-release-windows-ix86+x86_64 | 4.3-0 | 12.00 | 80.00 | 92.00 | OK | |
r-oldrel-windows-ix86+x86_64 | 4.3-0 | 14.00 | 78.00 | 92.00 | OK |
Version: 4.3-0
Check: package namespace information
Result: NOTE
Namespaces with empty importFrom:
‘gamlss’ ‘mgcv’ ‘nnet’ ‘rpart’
Flavors: r-devel-linux-x86_64-debian-clang, r-devel-linux-x86_64-debian-gcc, r-devel-linux-x86_64-fedora-clang, r-devel-linux-x86_64-fedora-gcc, r-devel-osx-x86_64-clang, r-devel-windows-ix86+x86_64
Version: 4.3-0
Check: R code for possible problems
Result: NOTE
fitFixedKnots : get.X.beta: no visible global function definition for
‘splineDesign’
fitFixedKnots: no visible global function definition for ‘dNO’
fitFreeKnots: no visible global function definition for ‘dNO’
ga.control: no visible global function definition for ‘gam.control’
gamlss.ga: no visible global function definition for ‘gam’
gamlss.nn: no visible global function definition for ‘nnet’
gamlss.tr: no visible global function definition for ‘rpart’
penLags : fnGAIC: no visible global function definition for ‘dNO’
penLags: no visible global function definition for ‘dNO’
predict.FixBreakPointsReg : get.X.beta: no visible global function
definition for ‘splineDesign’
residuals.penlags: no visible global function definition for ‘qNO’
residuals.penlags: no visible global function definition for ‘pNO’
tr: no visible global function definition for ‘rpart.control’
vcov.FreeBreakPointsReg : get.X.beta: no visible global function
definition for ‘splineDesign’
vcov.FreeBreakPointsReg : LL: no visible global function definition for
‘dNO’
Flavors: r-devel-linux-x86_64-debian-clang, r-devel-linux-x86_64-debian-gcc, r-devel-linux-x86_64-fedora-clang, r-devel-linux-x86_64-fedora-gcc, r-devel-osx-x86_64-clang, r-devel-windows-ix86+x86_64