Last updated on 2014-10-02 01:48:17.
Flavor | Version | Tinstall | Tcheck | Ttotal | Status | Flags |
---|---|---|---|---|---|---|
r-devel-linux-x86_64-debian-clang | 0.0-82 | 7.59 | 55.96 | 63.55 | NOTE | |
r-devel-linux-x86_64-debian-gcc | 0.0-82 | 7.70 | 56.00 | 63.70 | NOTE | |
r-devel-linux-x86_64-fedora-clang | 0.0-82 | 144.09 | NOTE | |||
r-devel-linux-x86_64-fedora-gcc | 0.0-82 | 139.45 | NOTE | |||
r-devel-osx-x86_64-clang | 0.0-82 | 112.11 | NOTE | |||
r-devel-windows-ix86+x86_64 | 0.0-82 | 19.00 | 81.00 | 100.00 | NOTE | |
r-patched-linux-x86_64 | 0.0-82 | 10.67 | 59.82 | 70.50 | NOTE | |
r-patched-solaris-sparc | 0.0-82 | 858.40 | OK | |||
r-patched-solaris-x86 | 0.0-82 | 194.70 | OK | |||
r-release-linux-ix86 | 0.0-82 | 11.35 | 75.94 | 87.30 | OK | |
r-release-linux-x86_64 | 0.0-82 | 8.98 | 61.52 | 70.50 | NOTE | |
r-release-osx-x86_64-mavericks | 0.0-82 | ERROR | ||||
r-release-osx-x86_64-snowleopard | 0.0-82 | NOTE | ||||
r-release-windows-ix86+x86_64 | 0.0-82 | 21.00 | 94.00 | 115.00 | OK | |
r-oldrel-windows-ix86+x86_64 | 0.0-82 | 21.00 | 91.00 | 112.00 | OK |
Version: 0.0-82
Check: top-level files
Result: NOTE
Non-standard file/directory found at top level:
‘TODO.txt’
Flavors: r-devel-linux-x86_64-debian-clang, r-devel-linux-x86_64-debian-gcc, r-devel-linux-x86_64-fedora-clang, r-devel-linux-x86_64-fedora-gcc, r-patched-linux-x86_64, r-release-linux-x86_64
Version: 0.0-82
Check: R code for possible problems
Result: NOTE
.ggraphics,guiWidgetsToolkitRGtk2: no visible global function
definition for ‘asCairoDevice’
.ggraphics,guiWidgetsToolkitRGtk2 : <anonymous>: no visible global
function definition for ‘asCairoDevice’
Flavors: r-devel-linux-x86_64-debian-clang, r-devel-linux-x86_64-debian-gcc, r-devel-linux-x86_64-fedora-clang, r-devel-linux-x86_64-fedora-gcc, r-devel-osx-x86_64-clang, r-devel-windows-ix86+x86_64
Version: 0.0-82
Check: package dependencies
Result: ERROR
Package required but not available: ‘RGtk2’
Package suggested but not available for checking: ‘cairoDevice’
Package which this enhances but not available for checking: ‘RGtk2Extras’
See the information on DESCRIPTION files in the chapter ‘Creating R
packages’ of the ‘Writing R Extensions’ manual.
Flavor: r-release-osx-x86_64-mavericks
Version: 0.0-82
Check: package dependencies
Result: NOTE
Package which this enhances but not available for checking: 'RGtk2Extras'
Flavor: r-release-osx-x86_64-snowleopard