CRAN Package Check Results for Package gWidgets2tcltk

Last updated on 2014-10-02 01:48:17.

Flavor Version Tinstall Tcheck Ttotal Status Flags
r-devel-linux-x86_64-debian-clang 1.0-2 6.48 71.07 77.54 NOTE
r-devel-linux-x86_64-debian-gcc 1.0-2 5.53 68.63 74.16 NOTE
r-devel-linux-x86_64-fedora-clang 1.0-2 151.63 NOTE
r-devel-linux-x86_64-fedora-gcc 1.0-2 145.20 NOTE
r-devel-osx-x86_64-clang 1.0-2 128.45 NOTE
r-devel-windows-ix86+x86_64 1.0-2 14.00 65.00 79.00 NOTE
r-patched-linux-x86_64 1.0-2 6.86 72.91 79.78 NOTE
r-patched-solaris-sparc 1.0-2 906.80 NOTE
r-patched-solaris-x86 1.0-2 206.40 NOTE
r-release-linux-ix86 1.0-2 8.73 93.08 101.81 OK
r-release-linux-x86_64 1.0-2 7.02 73.64 80.66 OK
r-release-osx-x86_64-mavericks 1.0-2 OK
r-release-osx-x86_64-snowleopard 1.0-2 OK
r-release-windows-ix86+x86_64 1.0-2 23.00 77.00 100.00 OK
r-oldrel-windows-ix86+x86_64 1.0-2 25.00 69.00 94.00 OK

Check Details

Version: 1.0-2
Check: dependencies in R code
Result: NOTE
    Package in Depends field not imported from: ‘tcltk’
     These packages need to be imported from (in the NAMESPACE file)
     for when this namespace is loaded but not attached.
    See the information on DESCRIPTION files in the chapter ‘Creating R
    packages’ of the ‘Writing R Extensions’ manual.
Flavors: r-devel-linux-x86_64-debian-clang, r-devel-linux-x86_64-debian-gcc, r-devel-linux-x86_64-fedora-clang, r-devel-linux-x86_64-fedora-gcc, r-devel-osx-x86_64-clang, r-devel-windows-ix86+x86_64, r-patched-linux-x86_64, r-patched-solaris-sparc, r-patched-solaris-x86

Version: 1.0-2
Check: R code for possible problems
Result: NOTE
    .gfile.guiWidgetsToolkittcltk: no visible global function definition
     for ‘tclvalue’
    .gfile.guiWidgetsToolkittcltk: no visible binding for global variable
     ‘tkgetSaveFile’
    .gfile.guiWidgetsToolkittcltk: no visible global function definition
     for ‘tkchooseDirectory’
    .ginput.guiWidgetsToolkittcltk : <anonymous>: no visible global
     function definition for ‘tclvalue<-’
    .ginput.guiWidgetsToolkittcltk: no visible global function definition
     for ‘tclVar’
    .ginput.guiWidgetsToolkittcltk: no visible global function definition
     for ‘tkwm.protocol’
    .ginput.guiWidgetsToolkittcltk: no visible global function definition
     for ‘tkwait.variable’
    .onAttach: no visible global function definition for ‘.Tcl’
    .onAttach: no visible global function definition for ‘addTclPath’
    .onAttach: no visible global function definition for ‘tclRequire’
    .onAttach : <anonymous>: no visible global function definition for
     ‘tcl’
    .onAttach: no visible global function definition for ‘tcl’
    .onAttach: no visible global function definition for ‘tkimage.create’
    is_aqua: no visible global function definition for ‘tcl’
    makeCalendar: no visible global function definition for ‘tktoplevel’
    makeCalendar: no visible global function definition for ‘tktitle<-’
    makeCalendar: no visible global function definition for ‘tkwinfo’
    makeCalendar: no visible global function definition for ‘tkwm.geometry’
    makeCalendar: no visible global function definition for
     ‘tkwm.transient’
    makeCalendar: no visible global function definition for ‘tkbind’
    makeCalendar : <anonymous>: no visible global function definition for
     ‘tkdestroy’
    makeCalendar: no visible global function definition for ‘ttkframe’
    makeCalendar: no visible global function definition for ‘tkpack’
    makeCalendar : makeMonth : <anonymous>: no visible global function
     definition for ‘ttklabel’
    makeCalendar : makeMonth : <anonymous>: no visible global function
     definition for ‘tkgrid’
    makeCalendar : makeMonth : <anonymous>: no visible global function
     definition for ‘tkbind’
    makeCalendar : makeMonth : <anonymous> : <anonymous>: no visible global
     function definition for ‘tclvalue’
    makeCalendar : makeMonth : <anonymous> : <anonymous>: no visible global
     function definition for ‘tkcget’
    makeCalendar : makeMonth : <anonymous> : <anonymous>: no visible global
     function definition for ‘tclvalue<-’
    makeCalendar : makeMonth : <anonymous> : <anonymous>: no visible global
     function definition for ‘tkdestroy’
    makeCalendar: no visible global function definition for ‘ttklabel’
    makeCalendar : setMonth: no visible global function definition for
     ‘tclServiceMode’
    makeCalendar : setMonth: no visible global function definition for
     ‘tkwinfo’
    makeCalendar : setMonth: no visible binding for global variable
     ‘tkpack.forget’
    makeCalendar : setMonth: no visible global function definition for
     ‘tkconfigure’
    tk2killtip: no visible global function definition for ‘tcl’
    tk2tip: no visible global function definition for ‘tclRequire’
    tk2tip: no visible global function definition for ‘tcl’
    tl_clear_data: no visible global function definition for ‘tcl’
    tl_configure_columns: no visible global function definition for ‘.Tcl’
    tl_get_cell_raw: no visible global function definition for ‘tcl’
    tl_get_cell_raw: no visible global function definition for ‘tclvalue’
    tl_get_cellindex: no visible global function definition for ‘tcl’
    tl_get_column_name: no visible global function definition for ‘tcl’
    tl_get_column_raw: no visible global function definition for ‘tcl’
    tl_get_column_raw: no visible global function definition for ‘tclvalue’
    tl_hide_column: no visible global function definition for ‘tcl’
    tl_hide_row: no visible global function definition for ‘tcl’
    tl_insert_row: no visible global function definition for ‘tcl’
    tl_no_cols: no visible global function definition for ‘tcl’
    tl_no_rows: no visible global function definition for ‘tcl’
    tl_remove_column: no visible global function definition for ‘tcl’
    tl_set_column_editable: no visible global function definition for ‘tcl’
    tl_set_column_name: no visible global function definition for ‘tcl’
    tl_set_focus_on_cell: no visible global function definition for ‘tcl’
    tl_sort_bycolumn: no visible global function definition for ‘tcl’
    using_Mac: no visible global function definition for ‘tcl’
Flavors: r-devel-linux-x86_64-debian-clang, r-devel-linux-x86_64-debian-gcc, r-devel-linux-x86_64-fedora-clang, r-devel-linux-x86_64-fedora-gcc, r-devel-osx-x86_64-clang, r-devel-windows-ix86+x86_64