Last updated on 2014-10-02 01:48:17.
Flavor | Version | Tinstall | Tcheck | Ttotal | Status | Flags |
---|---|---|---|---|---|---|
r-devel-linux-x86_64-debian-clang | 1.7-0.1 | 71.23 | 101.43 | 172.66 | NOTE | |
r-devel-linux-x86_64-debian-gcc | 1.7-0.1 | 83.82 | 98.70 | 182.53 | NOTE | |
r-devel-linux-x86_64-fedora-clang | 1.7-0.1 | 412.64 | NOTE | |||
r-devel-linux-x86_64-fedora-gcc | 1.7-0.1 | 396.42 | NOTE | |||
r-devel-osx-x86_64-clang | 1.7-0.1 | 268.40 | NOTE | |||
r-devel-windows-ix86+x86_64 | 1.7-0.1 | 247.00 | 180.00 | 427.00 | NOTE | |
r-patched-linux-x86_64 | 1.7-0.1 | 83.66 | 104.70 | 188.37 | NOTE | |
r-patched-solaris-sparc | 1.7-0.1 | 2232.10 | NOTE | |||
r-patched-solaris-x86 | 1.7-0.1 | 502.40 | NOTE | |||
r-release-linux-ix86 | 1.7-0.1 | 103.73 | 128.15 | 231.88 | NOTE | |
r-release-linux-x86_64 | 1.7-0.1 | 83.82 | 105.72 | 189.54 | NOTE | |
r-release-osx-x86_64-mavericks | 1.7-0.1 | NOTE | ||||
r-release-osx-x86_64-snowleopard | 1.7-0.1 | NOTE | ||||
r-release-windows-ix86+x86_64 | 1.7-0.1 | 230.00 | 187.00 | 417.00 | NOTE | |
r-oldrel-windows-ix86+x86_64 | 1.7-0.1 | 234.00 | 187.00 | 421.00 | OK |
Memtest notes: UBSAN-gcc UBSAN-gcc UBSAN UBSAN
Version: 1.7-0.1
Check: installed package size
Result: NOTE
installed size is 9.3Mb
sub-directories of 1Mb or more:
libs 7.0Mb
Flavors: r-devel-linux-x86_64-debian-clang, r-devel-linux-x86_64-debian-gcc, r-devel-linux-x86_64-fedora-clang, r-devel-linux-x86_64-fedora-gcc, r-patched-linux-x86_64, r-patched-solaris-sparc, r-patched-solaris-x86, r-release-linux-ix86, r-release-linux-x86_64, r-release-osx-x86_64-mavericks, r-release-osx-x86_64-snowleopard
Version: 1.7-0.1
Check: top-level files
Result: NOTE
Non-standard file/directory found at top level:
‘gRbase-Ex.R’
Flavors: r-devel-linux-x86_64-debian-clang, r-devel-linux-x86_64-debian-gcc, r-devel-linux-x86_64-fedora-clang, r-devel-linux-x86_64-fedora-gcc, r-patched-linux-x86_64, r-release-linux-x86_64
Version: 1.7-0.1
Check: foreign function calls
Result: NOTE
Call with DUP:
.C("C_getCellNumber", as.integer(cell), as.integer(perm), as.integer(pvec),
length(cell), integer(1), DUP = FALSE, PACKAGE = "gRbase")
DUP is no longer supported and will be ignored.
Flavors: r-devel-linux-x86_64-debian-clang, r-devel-linux-x86_64-debian-gcc, r-devel-linux-x86_64-fedora-clang, r-devel-linux-x86_64-fedora-gcc, r-devel-osx-x86_64-clang, r-devel-windows-ix86+x86_64
Version: 1.7-0.1
Check: foreign function calls
Result: NOTE
Call with DUP != TRUE:
.C("C_getCellNumber", as.integer(cell), as.integer(perm), as.integer(pvec),
length(cell), integer(1), DUP = FALSE, PACKAGE = "gRbase")
DUP = FALSE is deprecated and will be disabled in future versions of R.
Flavors: r-patched-linux-x86_64, r-patched-solaris-sparc, r-patched-solaris-x86
Version: 1.7-0.1
Check: package dependencies
Result: NOTE
Package suggested but not available for checking: ‘microbenchmark’
Flavor: r-patched-solaris-sparc
Version: 1.7-0.1
Check: foreign function calls
Result: NOTE
Call with DUP = FALSE:
.C("C_getCellNumber", as.integer(cell), as.integer(perm), as.integer(pvec),
length(cell), integer(1), DUP = FALSE, PACKAGE = "gRbase")
DUP = FALSE is deprecated and may be disabled in future versions of R.
Flavors: r-release-linux-ix86, r-release-linux-x86_64, r-release-osx-x86_64-mavericks, r-release-osx-x86_64-snowleopard, r-release-windows-ix86+x86_64
Version: 1.7-0.1
Check: Rd cross-references
Result: NOTE
Package unavailable to check Rd xrefs: ‘gRain’
Flavors: r-release-osx-x86_64-mavericks, r-release-osx-x86_64-snowleopard
Version: 1.7-0.1
Check: re-building of vignette outputs
Result: NOTE
Error in re-building vignettes:
...
Loading required package: gRbase
Error in texi2dvi(file = file, pdf = TRUE, clean = clean, quiet = quiet, :
Running 'texi2dvi' on 'gRbase-arrayops1.tex' failed.
LaTeX errors:
! LaTeX Error: File `a4wide.sty' not found.
Type X to quit or <RETURN> to proceed,
or enter new name. (Default extension: sty)
test/gRbase/vignettes/gRbase-arrayops1.tex:6: ==> Fatal error occurred, no out
put PDF file produced!
Calls: buildVignettes -> texi2pdf -> texi2dvi
Execution halted
Flavor: r-release-osx-x86_64-mavericks