Last updated on 2014-10-02 01:48:16.
Flavor | Version | Tinstall | Tcheck | Ttotal | Status | Flags |
---|---|---|---|---|---|---|
r-devel-linux-x86_64-debian-clang | 1.0.1 | 2.72 | 141.46 | 144.18 | NOTE | |
r-devel-linux-x86_64-debian-gcc | 1.0.1 | 2.64 | 137.00 | 139.63 | NOTE | |
r-devel-linux-x86_64-fedora-clang | 1.0.1 | 309.89 | NOTE | |||
r-devel-linux-x86_64-fedora-gcc | 1.0.1 | 301.24 | NOTE | |||
r-devel-osx-x86_64-clang | 1.0.1 | 227.74 | NOTE | |||
r-devel-windows-ix86+x86_64 | 1.0.1 | 8.00 | 190.00 | 198.00 | NOTE | |
r-patched-linux-x86_64 | 1.0.1 | 2.98 | 151.30 | 154.28 | OK | |
r-patched-solaris-sparc | 1.0.1 | 1885.20 | OK | |||
r-patched-solaris-x86 | 1.0.1 | 453.80 | OK | |||
r-release-linux-ix86 | 1.0.1 | 3.69 | 175.30 | 178.98 | OK | |
r-release-linux-x86_64 | 1.0.1 | 2.94 | 152.06 | 155.00 | OK | |
r-release-osx-x86_64-mavericks | 1.0.1 | ERROR | ||||
r-release-osx-x86_64-snowleopard | 1.0.1 | OK | ||||
r-release-windows-ix86+x86_64 | 1.0.1 | 9.00 | 210.00 | 219.00 | OK | |
r-oldrel-windows-ix86+x86_64 | 1.0.1 | 11.00 | 189.00 | 200.00 | OK |
Version: 1.0.1
Check: R code for possible problems
Result: NOTE
create_drn: no visible global function definition for ‘getURL’
create_drn: no visible global function definition for ‘xmlParse’
err_region: no visible global function definition for ‘coordinates<-’
err_region: no visible global function definition for ‘proj4string<-’
err_region: no visible global function definition for ‘CRS’
err_region: no visible global function definition for ‘spTransform’
err_region: no visible global function definition for ‘coordinates’
err_region: no visible global function definition for ‘Polygons’
err_region: no visible global function definition for ‘Polygon’
err_region: no visible global function definition for ‘SpatialPolygons’
imp : <anonymous>: no visible global function definition for
‘dist2Line’
lines2segments: no visible global function definition for ‘coordinates’
lines2segments: no visible global function definition for ‘Lines’
lines2segments: no visible global function definition for ‘Line’
lines2segments: no visible global function definition for
‘SpatialLines’
mm: no visible global function definition for ‘proj4string’
mm: no visible global function definition for ‘spTransform’
mm: no visible global function definition for ‘dist2Line’
mm: no visible global function definition for ‘SpatialPointsDataFrame’
smp1: no visible global function definition for ‘bearing’
smp1: no visible global function definition for ‘spDists’
smp2 : <anonymous>: no visible global function definition for
‘dist2Line’
smp2: no visible global function definition for ‘spDists’
smp2 : <anonymous>: no visible global function definition for ‘spDists’
Flavors: r-devel-linux-x86_64-debian-clang, r-devel-linux-x86_64-debian-gcc, r-devel-linux-x86_64-fedora-clang, r-devel-linux-x86_64-fedora-gcc, r-devel-osx-x86_64-clang, r-devel-windows-ix86+x86_64
Version: 1.0.1
Check: package dependencies
Result: ERROR
Packages required but not available: ‘rgeos’ ‘rgdal’
See the information on DESCRIPTION files in the chapter ‘Creating R
packages’ of the ‘Writing R Extensions’ manual.
Flavor: r-release-osx-x86_64-mavericks