Last updated on 2014-10-02 01:48:16.
Flavor | Version | Tinstall | Tcheck | Ttotal | Status | Flags |
---|---|---|---|---|---|---|
r-devel-linux-x86_64-debian-clang | 1.3.0 | 0.81 | 10.94 | 11.74 | NOTE | |
r-devel-linux-x86_64-debian-gcc | 1.3.0 | 0.80 | 10.34 | 11.13 | NOTE | |
r-devel-linux-x86_64-fedora-clang | 1.3.0 | 21.92 | NOTE | |||
r-devel-linux-x86_64-fedora-gcc | 1.3.0 | 20.17 | NOTE | |||
r-devel-osx-x86_64-clang | 1.3.0 | 26.14 | NOTE | |||
r-devel-windows-ix86+x86_64 | 1.3.0 | 3.00 | 18.00 | 21.00 | NOTE | |
r-patched-linux-x86_64 | 1.3.0 | 0.94 | 10.34 | 11.28 | NOTE | |
r-patched-solaris-sparc | 1.3.0 | 128.50 | NOTE | |||
r-patched-solaris-x86 | 1.3.0 | 34.00 | NOTE | |||
r-release-linux-ix86 | 1.3.0 | 1.16 | 16.26 | 17.42 | NOTE | |
r-release-linux-x86_64 | 1.3.0 | 0.88 | 10.10 | 10.98 | NOTE | |
r-release-osx-x86_64-mavericks | 1.3.0 | NOTE | ||||
r-release-osx-x86_64-snowleopard | 1.3.0 | OK | ||||
r-release-windows-ix86+x86_64 | 1.3.0 | 3.00 | 18.00 | 21.00 | NOTE | |
r-oldrel-windows-ix86+x86_64 | 1.3.0 | 3.00 | 20.00 | 23.00 | NOTE |
Version: 1.3.0
Check: dependencies in R code
Result: NOTE
Package in Depends field not imported from: ‘lambda.r’
These packages need to be imported from (in the NAMESPACE file)
for when this namespace is loaded but not attached.
See the information on DESCRIPTION files in the chapter ‘Creating R
packages’ of the ‘Writing R Extensions’ manual.
Flavors: r-devel-linux-x86_64-debian-clang, r-devel-linux-x86_64-debian-gcc, r-devel-linux-x86_64-fedora-clang, r-devel-linux-x86_64-fedora-gcc, r-devel-osx-x86_64-clang, r-devel-windows-ix86+x86_64, r-patched-linux-x86_64, r-patched-solaris-sparc, r-patched-solaris-x86, r-release-linux-ix86, r-release-linux-x86_64, r-release-osx-x86_64-mavericks, r-release-windows-ix86+x86_64, r-oldrel-windows-ix86+x86_64
Version: 1.3.0
Check: R code for possible problems
Result: NOTE
anylength: no visible global function definition for ‘UseFunction’
anynames: no visible global function definition for ‘UseFunction’
anytypes: no visible global function definition for ‘UseFunction’
is.bad: no visible global function definition for ‘UseFunction’
is.empty: no visible global function definition for ‘UseFunction’
Flavors: r-devel-linux-x86_64-debian-clang, r-devel-linux-x86_64-debian-gcc, r-devel-linux-x86_64-fedora-clang, r-devel-linux-x86_64-fedora-gcc, r-devel-osx-x86_64-clang, r-devel-windows-ix86+x86_64