Last updated on 2014-10-02 01:48:16.
Flavor | Version | Tinstall | Tcheck | Ttotal | Status | Flags |
---|---|---|---|---|---|---|
r-devel-linux-x86_64-debian-clang | 1.1.0 | 1.56 | 21.17 | 22.73 | NOTE | |
r-devel-linux-x86_64-debian-gcc | 1.1.0 | 1.87 | 20.65 | 22.52 | NOTE | |
r-devel-linux-x86_64-fedora-clang | 1.1.0 | 49.02 | NOTE | |||
r-devel-linux-x86_64-fedora-gcc | 1.1.0 | 46.07 | NOTE | |||
r-devel-osx-x86_64-clang | 1.1.0 | 45.20 | NOTE | |||
r-devel-windows-ix86+x86_64 | 1.1.0 | 6.00 | 35.00 | 41.00 | NOTE | |
r-patched-linux-x86_64 | 1.1.0 | 1.59 | 22.88 | 24.47 | NOTE | |
r-patched-solaris-sparc | 1.1.0 | 299.10 | NOTE | |||
r-patched-solaris-x86 | 1.1.0 | 68.70 | NOTE | |||
r-release-linux-ix86 | 1.1.0 | 2.13 | 32.46 | 34.58 | NOTE | |
r-release-linux-x86_64 | 1.1.0 | 1.64 | 23.00 | 24.64 | NOTE | |
r-release-osx-x86_64-mavericks | 1.1.0 | NOTE | ||||
r-release-osx-x86_64-snowleopard | 1.1.0 | ERROR | ||||
r-release-windows-ix86+x86_64 | 1.1.0 | 7.00 | 43.00 | 50.00 | NOTE | |
r-oldrel-windows-ix86+x86_64 | 1.1.0 | 8.00 | 44.00 | 52.00 | NOTE |
Version: 1.1.0
Check: dependencies in R code
Result: NOTE
Packages in Depends field not imported from:
‘futile.any’ ‘futile.logger’ ‘quantmod’ ‘timeDate’
These packages need to be imported from (in the NAMESPACE file)
for when this namespace is loaded but not attached.
See the information on DESCRIPTION files in the chapter ‘Creating R
packages’ of the ‘Writing R Extensions’ manual.
Flavors: r-devel-linux-x86_64-debian-clang, r-devel-linux-x86_64-debian-gcc, r-devel-linux-x86_64-fedora-clang, r-devel-linux-x86_64-fedora-gcc, r-devel-osx-x86_64-clang, r-devel-windows-ix86+x86_64, r-patched-linux-x86_64, r-patched-solaris-sparc, r-patched-solaris-x86, r-release-linux-ix86, r-release-linux-x86_64, r-release-osx-x86_64-mavericks, r-release-windows-ix86+x86_64, r-oldrel-windows-ix86+x86_64
Version: 1.1.0
Check: R code for possible problems
Result: NOTE
fractal.random: no visible global function definition for ‘flog.debug’
fractal.random: no visible global function definition for ‘xts’
fractal.uniform: no visible global function definition for ‘flog.debug’
fractal.uniform: no visible global function definition for ‘xts’
getPortfolioPrices: no visible binding for global variable
‘holidayNYSE’
getPortfolioPrices: no visible binding for global variable
‘sampleInitiators’
getPortfolioPrices: no visible global function definition for
‘anylength’
getPortfolioPrices: no visible binding for global variable
‘sampleGenerators’
getPortfolioPrices: no visible global function definition for ‘index<-’
getPortfolioPrices: no visible global function definition for
‘anynames<-’
getTradingDates: no visible binding for global variable ‘holidayNYSE’
getTradingDates: no visible global function definition for
‘timeSequence’
getTradingDates: no visible global function definition for ‘isBizday’
getTradingDates: no visible global function definition for ‘anylength’
next.seeds: no visible global function definition for ‘flog.debug’
ou.process: no visible global function definition for ‘xts’
plotReturns: no visible global function definition for ‘Delt’
Found the following calls to data() loading into the global environment:
File ‘fractalrock/R/framework.R’:
data(generators)
data(generators)
See section ‘Good practice’ in ‘?data’.
Flavors: r-devel-linux-x86_64-debian-clang, r-devel-linux-x86_64-debian-gcc, r-devel-linux-x86_64-fedora-clang, r-devel-osx-x86_64-clang
Version: 1.1.0
Check: Rd line widths
Result: NOTE
Rd file 'fractal.Rd':
\usage lines wider than 90 characters:
fractal.uniform(seed, patterns, count = NULL, epochs = NULL, origin = '1970-01-01', date.fun = as.Date, only = NULL)
fractal.random(seed, patterns, count = NULL, epochs = NULL, origin = '1970-01-01', date.fun = as.Date, only = NULL)
Rd file 'getPortfolioPrices.Rd':
\usage lines wider than 90 characters:
getPortfolioPrices(symbols, obs = NULL, end = Sys.Date(), start = NULL, calendar = holidayNYSE, seeds = NULL, patterns = NULL, ..., typ ... [TRUNCATED]
Rd file 'process.Rd':
\usage lines wider than 90 characters:
ou.process(theta, mu = 0, sigma = 1, initial=mu, end = Sys.Date(), start = NULL, obs = NULL)
These lines will be truncated in the PDF manual.
Flavors: r-devel-linux-x86_64-debian-clang, r-devel-linux-x86_64-debian-gcc, r-devel-linux-x86_64-fedora-clang, r-devel-linux-x86_64-fedora-gcc, r-patched-linux-x86_64, r-release-linux-x86_64
Version: 1.1.0
Check: R code for possible problems
Result: NOTE
fractal.random: no visible global function definition for ‘flog.debug’
fractal.random: no visible global function definition for ‘xts’
fractal.uniform: no visible global function definition for ‘flog.debug’
fractal.uniform: no visible global function definition for ‘xts’
getPortfolioPrices: no visible binding for global variable
‘holidayNYSE’
getPortfolioPrices: no visible binding for global variable
‘sampleInitiators’
getPortfolioPrices: no visible global function definition for
‘anylength’
getPortfolioPrices: no visible binding for global variable
‘sampleGenerators’
getPortfolioPrices: no visible global function definition for ‘index<-’
getPortfolioPrices: no visible global function definition for
‘anynames<-’
getTradingDates: no visible binding for global variable ‘holidayNYSE’
getTradingDates: no visible global function definition for
‘timeSequence’
getTradingDates: no visible global function definition for ‘isBizday’
getTradingDates: no visible global function definition for ‘anylength’
next.seeds: no visible global function definition for ‘flog.debug’
ou.process: no visible global function definition for ‘xts’
plotReturns: no visible global function definition for ‘Delt’
Flavors: r-devel-linux-x86_64-fedora-gcc, r-devel-windows-ix86+x86_64
Version: 1.1.0
Check: R code for possible problems
Result: NOTE
getPortfolioPrices: no visible binding for global variable
‘sampleInitiators’
getPortfolioPrices: no visible binding for global variable
‘sampleGenerators’
Found the following calls to data() loading into the global environment:
File ‘fractalrock/R/framework.R’:
data(generators)
data(generators)
See section ‘Good practice’ in ‘?data’.
Flavors: r-patched-linux-x86_64, r-release-linux-ix86, r-release-linux-x86_64
Version: 1.1.0
Check: R code for possible problems
Result: NOTE
getPortfolioPrices: no visible binding for global variable
‘sampleInitiators’
getPortfolioPrices: no visible binding for global variable
‘sampleGenerators’
Flavors: r-patched-solaris-sparc, r-patched-solaris-x86, r-release-osx-x86_64-mavericks, r-release-windows-ix86+x86_64, r-oldrel-windows-ix86+x86_64
Version: 1.1.0
Check: whether package can be installed
Result: ERROR
Installation failed.
Flavor: r-release-osx-x86_64-snowleopard